Last updated on 2023-01-31 22:58:10 CET.
Flavor | Version | Tinstall | Tcheck | Ttotal | Status | Flags |
---|---|---|---|---|---|---|
r-devel-linux-x86_64-debian-clang | 1.3.4 | 8.11 | 98.23 | 106.34 | NOTE | |
r-devel-linux-x86_64-debian-gcc | 1.3.4 | 7.00 | 75.30 | 82.30 | NOTE | |
r-devel-linux-x86_64-fedora-clang | 1.3.4 | 134.28 | NOTE | |||
r-devel-linux-x86_64-fedora-gcc | 1.3.4 | 141.03 | NOTE | |||
r-devel-windows-x86_64 | 1.3.4 | 82.00 | 196.00 | 278.00 | NOTE | |
r-patched-linux-x86_64 | 1.3.4 | 9.37 | 92.50 | 101.87 | NOTE | |
r-release-linux-x86_64 | 1.3.4 | 9.77 | 87.72 | 97.49 | NOTE | |
r-release-macos-arm64 | 1.3.4 | 44.00 | NOTE | |||
r-release-macos-x86_64 | 1.3.4 | 58.00 | NOTE | |||
r-release-windows-x86_64 | 1.3.4 | 87.00 | 167.00 | 254.00 | NOTE | |
r-oldrel-macos-arm64 | 1.3.4 | 45.00 | NOTE | |||
r-oldrel-macos-x86_64 | 1.3.4 | 66.00 | NOTE | |||
r-oldrel-windows-ix86+x86_64 | 1.3.4 | 19.00 | 144.00 | 163.00 | NOTE |
Version: 1.3.4
Check: LazyData
Result: NOTE
'LazyData' is specified without a 'data' directory
Flavors: r-devel-linux-x86_64-debian-clang, r-devel-linux-x86_64-debian-gcc, r-devel-linux-x86_64-fedora-clang, r-devel-linux-x86_64-fedora-gcc, r-devel-windows-x86_64, r-patched-linux-x86_64, r-release-linux-x86_64, r-release-macos-arm64, r-release-macos-x86_64, r-release-windows-x86_64, r-oldrel-macos-arm64, r-oldrel-macos-x86_64, r-oldrel-windows-ix86+x86_64