Last updated on 2024-04-26 22:54:46 CEST.
Flavor | Version | Tinstall | Tcheck | Ttotal | Status | Flags |
---|---|---|---|---|---|---|
r-devel-linux-x86_64-debian-clang | 0.9.1 | 8.99 | 83.22 | 92.21 | OK | |
r-devel-linux-x86_64-debian-gcc | 0.9.1 | 7.06 | 60.71 | 67.77 | OK | |
r-devel-linux-x86_64-fedora-clang | 0.9.1 | 112.63 | NOTE | |||
r-devel-linux-x86_64-fedora-gcc | 0.9.1 | 122.03 | NOTE | |||
r-devel-windows-x86_64 | 0.9.1 | 9.00 | 84.00 | 93.00 | OK | |
r-patched-linux-x86_64 | 0.9.1 | 10.61 | 81.01 | 91.62 | OK | |
r-release-linux-x86_64 | 0.9.1 | 5.96 | 77.74 | 83.70 | OK | |
r-release-macos-arm64 | 0.9.1 | 47.00 | OK | |||
r-release-windows-x86_64 | 0.9.1 | 8.00 | 83.00 | 91.00 | OK | |
r-oldrel-macos-arm64 | 0.9.1 | 50.00 | OK | |||
r-oldrel-macos-x86_64 | 0.9.1 | 84.00 | OK | |||
r-oldrel-windows-x86_64 | 0.9.1 | 12.00 | 99.00 | 111.00 | OK |
Version: 0.9.1
Check: data for non-ASCII characters
Result: NOTE
Note: found 111752 marked UTF-8 strings
Flavors: r-devel-linux-x86_64-fedora-clang, r-devel-linux-x86_64-fedora-gcc