Last updated on 2023-11-30 22:59:02 CET.
Flavor | Version | Tinstall | Tcheck | Ttotal | Status | Flags |
---|---|---|---|---|---|---|
r-devel-linux-x86_64-debian-clang | 0.9.1 | 8.96 | 79.03 | 87.99 | OK | |
r-devel-linux-x86_64-debian-gcc | 0.9.1 | 6.90 | 60.56 | 67.46 | OK | |
r-devel-linux-x86_64-fedora-clang | 0.9.1 | 107.39 | NOTE | |||
r-devel-linux-x86_64-fedora-gcc | 0.9.1 | 116.32 | NOTE | |||
r-devel-windows-x86_64 | 0.9.1 | 8.00 | 82.00 | 90.00 | OK | |
r-patched-linux-x86_64 | 0.9.1 | 11.24 | 76.73 | 87.97 | OK | |
r-release-linux-x86_64 | 0.9.1 | 5.34 | 77.09 | 82.43 | OK | |
r-release-macos-arm64 | 0.9.1 | 50.00 | OK | |||
r-release-macos-x86_64 | 0.9.1 | 84.00 | OK | |||
r-release-windows-x86_64 | 0.9.1 | 11.00 | 98.00 | 109.00 | OK | |
r-oldrel-macos-arm64 | 0.9.1 | 41.00 | OK | |||
r-oldrel-macos-x86_64 | 0.9.1 | 47.00 | OK | |||
r-oldrel-windows-x86_64 | 0.9.1 | 12.00 | 99.00 | 111.00 | OK |
Version: 0.9.1
Check: data for non-ASCII characters
Result: NOTE
Note: found 111752 marked UTF-8 strings
Flavors: r-devel-linux-x86_64-fedora-clang, r-devel-linux-x86_64-fedora-gcc