Last updated on 2019-12-09 22:51:13 CET.
Flavor | Version | Tinstall | Tcheck | Ttotal | Status | Flags |
---|---|---|---|---|---|---|
r-devel-linux-x86_64-debian-clang | 0.4.2 | 6.15 | 65.82 | 71.97 | OK | |
r-devel-linux-x86_64-debian-gcc | 0.4.2 | 4.82 | 49.42 | 54.24 | OK | |
r-devel-linux-x86_64-fedora-clang | 0.4.2 | 84.05 | OK | |||
r-devel-linux-x86_64-fedora-gcc | 0.4.2 | 81.62 | OK | |||
r-devel-windows-ix86+x86_64 | 0.4.2 | 6.00 | 7.00 | 13.00 | ERROR | |
r-devel-windows-ix86+x86_64-gcc8 | 0.4.2 | 17.00 | 81.00 | 98.00 | OK | |
r-patched-linux-x86_64 | 0.4.2 | 4.76 | 56.50 | 61.26 | OK | |
r-patched-solaris-x86 | 0.4.2 | 107.90 | OK | |||
r-release-linux-x86_64 | 0.4.2 | 4.69 | 57.88 | 62.57 | OK | |
r-release-windows-ix86+x86_64 | 0.4.2 | 12.00 | 72.00 | 84.00 | OK | |
r-release-osx-x86_64 | 0.4.2 | OK | ||||
r-oldrel-windows-ix86+x86_64 | 0.4.2 | 8.00 | 71.00 | 79.00 | OK | |
r-oldrel-osx-x86_64 | 0.4.2 | OK |
Version: 0.4.2
Check: whether package can be installed
Result: ERROR
Installation failed.
Flavor: r-devel-windows-ix86+x86_64