CRAN Package Check Results for Package kernelboot

Last updated on 2024-06-13 22:49:31 CEST.

Flavor Version Tinstall Tcheck Ttotal Status Flags
r-devel-linux-x86_64-debian-clang 0.1.10 40.42 54.87 95.29 OK
r-devel-linux-x86_64-debian-gcc 0.1.10 25.90 33.43 59.33 ERROR
r-devel-linux-x86_64-fedora-clang 0.1.10 130.46 OK
r-devel-linux-x86_64-fedora-gcc 0.1.10 126.79 OK
r-devel-windows-x86_64 0.1.10 32.00 80.00 112.00 OK
r-patched-linux-x86_64 0.1.10 30.03 53.93 83.96 OK
r-release-linux-x86_64 0.1.10 31.07 52.62 83.69 OK
r-release-macos-arm64 0.1.10 33.00 OK
r-release-macos-x86_64 0.1.10 43.00 OK
r-release-windows-x86_64 0.1.10 32.00 82.00 114.00 OK
r-oldrel-macos-arm64 0.1.10 37.00 OK
r-oldrel-macos-x86_64 0.1.10 66.00 OK
r-oldrel-windows-x86_64 0.1.10 39.00 99.00 138.00 OK

Check Details

Version: 0.1.10
Check: package dependencies
Result: NOTE Package suggested but not available for checking: ‘testthat’ Flavor: r-devel-linux-x86_64-debian-gcc

Version: 0.1.10
Check: tests
Result: ERROR Running ‘test_parallel.R’ [1s/2s] Running ‘testthat.R’ [0s/0s] Running the tests in ‘tests/testthat.R’ failed. Complete output: > library(testthat) Error in library(testthat) : there is no package called 'testthat' Execution halted Flavor: r-devel-linux-x86_64-debian-gcc