CRAN Package Check Results for Package kernlab

Last updated on 2018-04-21 22:48:22 CEST.

Flavor Version Tinstall Tcheck Ttotal Status Flags
r-devel-linux-x86_64-debian-clang 0.9-25 44.05 140.81 184.86 NOTE
r-devel-linux-x86_64-debian-gcc 0.9-25 28.84 105.59 134.43 NOTE
r-devel-linux-x86_64-fedora-clang 0.9-25 231.19 NOTE
r-devel-linux-x86_64-fedora-gcc 0.9-25 219.43 NOTE
r-devel-windows-ix86+x86_64 0.9-25 88.00 253.00 341.00 OK
r-devel-osx-x86_64 0.9-25 OK
r-patched-linux-x86_64 0.9-25 42.06 146.08 188.14 NOTE
r-patched-solaris-x86 0.9-25 287.90 OK
r-release-linux-x86_64 0.9-25 20.04 148.62 168.66 NOTE
r-release-windows-ix86+x86_64 0.9-25 57.00 199.00 256.00 OK
r-release-osx-x86_64 0.9-25 NOTE
r-oldrel-windows-ix86+x86_64 0.9-25 119.00 185.00 304.00 OK

Check Details

Version: 0.9-25
Check: compiled code
Result: NOTE
    File ‘kernlab/libs/kernlab.so’:
     Found no calls to: ‘R_registerRoutines’, ‘R_useDynamicSymbols’
    
    It is good practice to register native routines and to disable symbol
    search.
    
    See ‘Writing portable packages’ in the ‘Writing R Extensions’ manual.
Flavors: r-devel-linux-x86_64-debian-clang, r-devel-linux-x86_64-debian-gcc, r-devel-linux-x86_64-fedora-clang, r-devel-linux-x86_64-fedora-gcc, r-patched-linux-x86_64, r-release-linux-x86_64

Version: 0.9-25
Check: re-building of vignette outputs
Result: NOTE
    Error in re-building vignettes:
     ...
    Error in texi2dvi(file = file, pdf = TRUE, clean = clean, quiet = quiet, :
     Running 'texi2dvi' on 'kernlab.tex' failed.
    LaTeX errors:
    ! LaTeX Error: File `a4wide.sty' not found.
    
    Type X to quit or <RETURN> to proceed,
    or enter new name. (Default extension: sty)
    
    ! Emergency stop.
    <read *>
    
    l.18 \RequirePackage
     [T1]{fontenc}^^M
    ! ==> Fatal error occurred, no output PDF file produced!
    Calls: buildVignettes -> texi2pdf -> texi2dvi
    Execution halted
Flavor: r-release-osx-x86_64