CRAN Package Check Results for Package kernlab

Last updated on 2024-02-22 21:51:43 CET.

Flavor Version Tinstall Tcheck Ttotal Status Flags
r-devel-linux-x86_64-debian-clang 0.9-32 NOTE
r-devel-linux-x86_64-debian-gcc 0.9-32 37.17 140.86 178.03 NOTE
r-devel-linux-x86_64-fedora-clang 0.9-32 320.70 OK
r-devel-linux-x86_64-fedora-gcc 0.9-32 317.34 OK
r-devel-windows-x86_64 0.9-32 60.00 198.00 258.00 OK
r-patched-linux-x86_64 0.9-32 56.78 187.86 244.64 OK
r-release-linux-x86_64 0.9-32 52.83 180.58 233.41 OK
r-release-macos-arm64 0.9-32 101.00 OK
r-release-macos-x86_64 0.9-32 168.00 OK
r-release-windows-x86_64 0.9-32 60.00 229.00 289.00 OK
r-oldrel-macos-arm64 0.9-32 83.00 OK
r-oldrel-windows-x86_64 0.9-32 238.00 266.00 504.00 OK

Check Details

Version: 0.9-32
Check: Rd files
Result: NOTE checkRd: (-1) ipop-class.Rd:28: Lost braces 28 | \item{primal}{Object of class \code{ipop}}{Return the primal of the problem} | ^ checkRd: (-1) ipop-class.Rd:29: Lost braces 29 | \item{dual}{Object of class \code{ipop}}{Return the dual of the problem} | ^ checkRd: (-1) ipop-class.Rd:30: Lost braces 30 | \item{how}{Object of class \code{ipop}}{Return information on convergence} | ^ Flavors: r-devel-linux-x86_64-debian-clang, r-devel-linux-x86_64-debian-gcc