CRAN Package Check Results for Package kernlab

Last updated on 2018-07-18 22:49:17 CEST.

Flavor Version Tinstall Tcheck Ttotal Status Flags
r-devel-linux-x86_64-debian-clang 0.9-26 41.96 149.47 191.43 OK
r-devel-linux-x86_64-debian-gcc 0.9-26 28.16 112.76 140.92 OK
r-devel-linux-x86_64-fedora-clang 0.9-26 229.71 OK
r-devel-linux-x86_64-fedora-gcc 0.9-26 219.25 WARN
r-devel-windows-ix86+x86_64 0.9-26 146.00 214.00 360.00 OK
r-patched-linux-x86_64 0.9-26 39.24 140.31 179.55 OK
r-patched-solaris-x86 0.9-26 287.70 OK
r-release-linux-x86_64 0.9-26 38.53 142.13 180.66 OK
r-release-windows-ix86+x86_64 0.9-26 102.00 247.00 349.00 OK
r-release-osx-x86_64 0.9-26 OK
r-oldrel-windows-ix86+x86_64 0.9-26 52.00 185.00 237.00 OK
r-oldrel-osx-x86_64 0.9-26 OK

Check Details

Version: 0.9-26
Check: whether package can be installed
Result: WARN
    Found the following significant warnings:
     stack.h:165:10: warning: ‘void* memcpy(void*, const void*, size_t)’ writing to an object of type ‘class InductionSortObject’ with no trivial copy-assignment; use copy-assignment or copy-initialization instead [-Wclass-memaccess]
Flavor: r-devel-linux-x86_64-fedora-gcc