Last updated on 2024-04-17 22:59:56 CEST.
Flavor | Version | Tinstall | Tcheck | Ttotal | Status | Flags |
---|---|---|---|---|---|---|
r-devel-linux-x86_64-debian-clang | 0.5.1 | 263.46 | 230.65 | 494.11 | OK | |
r-devel-linux-x86_64-debian-gcc | 0.5.1 | 202.58 | 167.75 | 370.33 | OK | |
r-devel-linux-x86_64-fedora-clang | 0.5.1 | 711.03 | OK | |||
r-devel-linux-x86_64-fedora-gcc | 0.5.1 | 734.56 | OK | |||
r-prerel-macos-arm64 | 0.5.1 | 138.00 | NOTE | |||
r-prerel-macos-x86_64 | 0.5.1 | 261.00 | NOTE | |||
r-prerel-windows-x86_64 | 0.5.1 | 196.00 | 197.00 | 393.00 | OK | |
r-patched-linux-x86_64 | 0.5.1 | 252.11 | 235.80 | 487.91 | OK | |
r-release-linux-x86_64 | 0.5.1 | 185.84 | 234.75 | 420.59 | OK | |
r-release-macos-arm64 | 0.5.1 | 151.00 | NOTE | |||
r-release-macos-x86_64 | 0.5.1 | 217.00 | NOTE | |||
r-release-windows-x86_64 | 0.5.1 | 246.00 | 237.00 | 483.00 | OK | |
r-oldrel-macos-arm64 | 0.5.1 | 147.00 | NOTE | |||
r-oldrel-windows-x86_64 | 0.5.1 | 243.00 | 230.00 | 473.00 | OK |
Version: 0.5.1
Check: installed package size
Result: NOTE
installed size is 11.6Mb
sub-directories of 1Mb or more:
libs 11.1Mb
Flavors: r-prerel-macos-arm64, r-prerel-macos-x86_64, r-release-macos-arm64, r-release-macos-x86_64, r-oldrel-macos-arm64