Last updated on 2024-04-23 22:55:26 CEST.
Flavor | Version | Tinstall | Tcheck | Ttotal | Status | Flags |
---|---|---|---|---|---|---|
r-devel-linux-x86_64-debian-clang | 0.2.1 | 2.97 | 28.17 | 31.14 | NOTE | |
r-devel-linux-x86_64-debian-gcc | 0.2.1 | 2.33 | 21.59 | 23.92 | NOTE | |
r-devel-linux-x86_64-fedora-clang | 0.2.1 | 41.67 | NOTE | |||
r-devel-linux-x86_64-fedora-gcc | 0.2.1 | 38.75 | NOTE | |||
r-prerel-macos-arm64 | 0.2.1 | 18.00 | NOTE | |||
r-prerel-windows-x86_64 | 0.2.1 | 5.00 | 45.00 | 50.00 | NOTE | |
r-patched-linux-x86_64 | 0.2.1 | 2.40 | 26.96 | 29.36 | NOTE | |
r-release-linux-x86_64 | 0.2.1 | 2.66 | 26.58 | 29.24 | NOTE | |
r-release-macos-arm64 | 0.2.1 | 17.00 | NOTE | |||
r-release-macos-x86_64 | 0.2.1 | 25.00 | NOTE | |||
r-release-windows-x86_64 | 0.2.1 | 5.00 | 46.00 | 51.00 | NOTE | |
r-oldrel-macos-arm64 | 0.2.1 | 18.00 | OK | |||
r-oldrel-windows-x86_64 | 0.2.1 | 5.00 | 50.00 | 55.00 | OK |
Version: 0.2.1
Check: package subdirectories
Result: NOTE
Problems with news in ‘NEWS.md’:
Cannot extract version info from the following section titles:
Minor Changes
Flavors: r-devel-linux-x86_64-debian-clang, r-devel-linux-x86_64-debian-gcc, r-devel-linux-x86_64-fedora-clang, r-devel-linux-x86_64-fedora-gcc, r-prerel-macos-arm64, r-prerel-windows-x86_64, r-patched-linux-x86_64, r-release-linux-x86_64, r-release-macos-arm64, r-release-macos-x86_64, r-release-windows-x86_64