Last updated on 2024-05-03 22:53:15 CEST.
Flavor | Version | Tinstall | Tcheck | Ttotal | Status | Flags |
---|---|---|---|---|---|---|
r-devel-linux-x86_64-debian-clang | 0.1.1 | 2.54 | 33.49 | 36.03 | NOTE | |
r-devel-linux-x86_64-fedora-clang | 0.1.1 | 48.31 | NOTE | |||
r-devel-linux-x86_64-fedora-gcc | 0.1.1 | 58.03 | NOTE | |||
r-devel-windows-x86_64 | 0.1.1 | 4.00 | 49.00 | 53.00 | NOTE | |
r-patched-linux-x86_64 | 0.1.1 | 3.01 | 32.30 | 35.31 | NOTE | |
r-release-linux-x86_64 | 0.1.1 | 3.21 | 32.66 | 35.87 | NOTE | |
r-release-macos-arm64 | 0.1.1 | 25.00 | NOTE | |||
r-release-windows-x86_64 | 0.1.1 | 4.00 | 48.00 | 52.00 | NOTE | |
r-oldrel-macos-arm64 | 0.1.1 | 25.00 | OK | |||
r-oldrel-macos-x86_64 | 0.1.1 | 35.00 | OK | |||
r-oldrel-windows-x86_64 | 0.1.1 | 5.00 | 48.00 | 53.00 | OK |
Version: 0.1.1
Check: Rd files
Result: NOTE
checkRd: (-1) useKeys.Rd:13: Lost braces; missing escapes or markup?
13 | This function adds the {keys} dependencies to your application
| ^
Flavors: r-devel-linux-x86_64-debian-clang, r-devel-linux-x86_64-fedora-clang, r-devel-linux-x86_64-fedora-gcc, r-devel-windows-x86_64, r-patched-linux-x86_64, r-release-linux-x86_64, r-release-macos-arm64, r-release-windows-x86_64