CRAN Package Check Results for Package kimisc

Last updated on 2024-06-13 22:49:32 CEST.

Flavor Version Tinstall Tcheck Ttotal Status Flags
r-devel-linux-x86_64-debian-clang 0.4 3.71 35.19 38.90 OK
r-devel-linux-x86_64-debian-gcc 0.4 0.37 1.71 2.08 ERROR
r-devel-linux-x86_64-fedora-clang 0.4 50.14 OK
r-devel-linux-x86_64-fedora-gcc 0.4 46.88 OK
r-devel-windows-x86_64 0.4 4.00 52.00 56.00 OK
r-patched-linux-x86_64 0.4 3.95 36.07 40.02 OK
r-release-linux-x86_64 0.4 3.01 34.24 37.25 OK
r-release-macos-arm64 0.4 21.00 OK
r-release-macos-x86_64 0.4 29.00 OK
r-release-windows-x86_64 0.4 4.00 64.00 68.00 OK
r-oldrel-macos-arm64 0.4 21.00 OK
r-oldrel-macos-x86_64 0.4 27.00 OK
r-oldrel-windows-x86_64 0.4 5.00 56.00 61.00 OK

Check Details

Version: 0.4
Check: package dependencies
Result: ERROR Package required but not available: ‘pryr’ Package suggested but not available for checking: ‘testthat’ See section ‘The DESCRIPTION file’ in the ‘Writing R Extensions’ manual. Flavor: r-devel-linux-x86_64-debian-gcc