Last updated on 2023-11-27 23:11:40 CET.
Flavor | Version | Tinstall | Tcheck | Ttotal | Status | Flags |
---|---|---|---|---|---|---|
r-devel-linux-x86_64-debian-clang | 0.4-2 | 29.51 | 81.26 | 110.77 | NOTE | |
r-devel-linux-x86_64-debian-gcc | 0.4-2 | 21.60 | 62.44 | 84.04 | NOTE | |
r-devel-linux-x86_64-fedora-clang | 0.4-2 | 146.70 | OK | |||
r-devel-linux-x86_64-fedora-gcc | 0.4-2 | 139.36 | OK | |||
r-devel-windows-x86_64 | 0.4-2 | 28.00 | 100.00 | 128.00 | OK | |
r-patched-linux-x86_64 | 0.4-2 | 24.58 | 80.77 | 105.35 | OK | |
r-release-linux-x86_64 | 0.4-2 | 24.96 | 80.72 | 105.68 | OK | |
r-release-macos-arm64 | 0.4-2 | 35.00 | OK | |||
r-release-macos-x86_64 | 0.4-2 | 71.00 | OK | |||
r-release-windows-x86_64 | 0.4-2 | 35.00 | 112.00 | 147.00 | OK | |
r-oldrel-macos-arm64 | 0.4-2 | 41.00 | OK | |||
r-oldrel-macos-x86_64 | 0.4-2 | 59.00 | OK | |||
r-oldrel-windows-x86_64 | 0.4-2 | 33.00 | 110.00 | 143.00 | OK |
Version: 0.4-2
Check: Rd files
Result: NOTE
checkRd: (-1) plotkmc.Rd:21: Lost braces; missing escapes or markup?
21 | list of two functions,flist=list( f1=function( x ) { x } ,f2=function( x ) { x^2 } )
| ^
checkRd: (-1) plotkmc.Rd:21: Lost braces; missing escapes or markup?
21 | list of two functions,flist=list( f1=function( x ) { x } ,f2=function( x ) { x^2 } )
| ^
Flavors: r-devel-linux-x86_64-debian-clang, r-devel-linux-x86_64-debian-gcc