CRAN Package Check Results for Package kmc

Last updated on 2024-06-20 22:50:48 CEST.

Flavor Version Tinstall Tcheck Ttotal Status Flags
r-devel-linux-x86_64-debian-clang 0.4-2 31.53 80.23 111.76 NOTE
r-devel-linux-x86_64-debian-gcc 0.4-2 22.03 61.44 83.47 NOTE
r-devel-linux-x86_64-fedora-clang 0.4-2 144.57 NOTE
r-devel-linux-x86_64-fedora-gcc 0.4-2 141.05 NOTE
r-devel-windows-x86_64 0.4-2 28.00 96.00 124.00 NOTE
r-patched-linux-x86_64 0.4-2 23.36 79.82 103.18 NOTE
r-release-linux-x86_64 0.4-2 24.46 76.69 101.15 NOTE
r-release-macos-arm64 0.4-2 35.00 NOTE
r-release-macos-x86_64 0.4-2 63.00 NOTE
r-release-windows-x86_64 0.4-2 28.00 98.00 126.00 NOTE
r-oldrel-macos-arm64 0.4-2 35.00 OK
r-oldrel-macos-x86_64 0.4-2 71.00 OK
r-oldrel-windows-x86_64 0.4-2 34.00 112.00 146.00 OK

Check Details

Version: 0.4-2
Check: Rd files
Result: NOTE checkRd: (-1) plotkmc.Rd:21: Lost braces; missing escapes or markup? 21 | list of two functions,flist=list( f1=function( x ) { x } ,f2=function( x ) { x^2 } ) | ^ checkRd: (-1) plotkmc.Rd:21: Lost braces; missing escapes or markup? 21 | list of two functions,flist=list( f1=function( x ) { x } ,f2=function( x ) { x^2 } ) | ^ Flavors: r-devel-linux-x86_64-debian-clang, r-devel-linux-x86_64-debian-gcc, r-devel-linux-x86_64-fedora-clang, r-devel-linux-x86_64-fedora-gcc, r-devel-windows-x86_64, r-patched-linux-x86_64, r-release-linux-x86_64, r-release-macos-arm64, r-release-macos-x86_64, r-release-windows-x86_64