CRAN Package Check Results for Package kml

Last updated on 2024-02-25 23:02:11 CET.

Flavor Version Tinstall Tcheck Ttotal Status Flags
r-devel-linux-x86_64-debian-clang 2.4.6.1 10.67 70.68 81.35 OK
r-devel-linux-x86_64-debian-gcc 2.4.6.1 9.13 54.26 63.39 OK
r-devel-linux-x86_64-fedora-clang 2.4.6.1 94.61 NOTE
r-devel-linux-x86_64-fedora-gcc 2.4.6.1 92.08 OK
r-devel-windows-x86_64 2.4.6.1 11.00 72.00 83.00 OK
r-patched-linux-x86_64 2.4.6.1 16.33 66.82 83.15 OK
r-release-linux-x86_64 2.4.6.1 6.59 66.02 72.61 OK
r-release-macos-arm64 2.4.6.1 40.00 OK
r-release-macos-x86_64 2.4.6.1 69.00 OK
r-release-windows-x86_64 2.4.6.1 13.00 82.00 95.00 OK
r-oldrel-macos-arm64 2.4.6.1 75.00 OK
r-oldrel-windows-x86_64 2.4.6.1 15.00 86.00 101.00 OK

Check Details

Version: 2.4.6.1
Check: Rd cross-references
Result: NOTE Undeclared package ‘kml3d’ in Rd xrefs Flavor: r-devel-linux-x86_64-fedora-clang