CRAN Package Check Results for Package kml

Last updated on 2018-06-24 22:49:24 CEST.

Flavor Version Tinstall Tcheck Ttotal Status Flags
r-devel-linux-x86_64-debian-clang 2.4.1 4.75 48.11 52.86 NOTE
r-devel-linux-x86_64-debian-gcc 2.4.1 4.65 37.67 42.32 NOTE
r-devel-linux-x86_64-fedora-clang 2.4.1 62.75 NOTE
r-devel-linux-x86_64-fedora-gcc 2.4.1 59.84 NOTE
r-devel-windows-ix86+x86_64 2.4.1 12.00 101.00 113.00 OK
r-patched-linux-x86_64 2.4.1 4.58 45.47 50.05 NOTE
r-patched-solaris-x86 2.4.1 95.00 OK
r-release-linux-x86_64 2.4.1 4.41 43.87 48.28 NOTE
r-release-windows-ix86+x86_64 2.4.1 18.00 91.00 109.00 OK
r-release-osx-x86_64 2.4.1 OK
r-oldrel-windows-ix86+x86_64 2.4.1 15.00 128.00 143.00 OK
r-oldrel-osx-x86_64 2.4.1 OK

Check Details

Version: 2.4.1
Check: compiled code
Result: NOTE
    File ‘kml/libs/kml.so’:
     Found no calls to: ‘R_registerRoutines’, ‘R_useDynamicSymbols’
    
    It is good practice to register native routines and to disable symbol
    search.
    
    See ‘Writing portable packages’ in the ‘Writing R Extensions’ manual.
Flavors: r-devel-linux-x86_64-debian-clang, r-devel-linux-x86_64-debian-gcc, r-devel-linux-x86_64-fedora-clang, r-devel-linux-x86_64-fedora-gcc, r-patched-linux-x86_64, r-release-linux-x86_64