CRAN Package Check Results for Package kml

Last updated on 2018-09-23 22:47:01 CEST.

Flavor Version Tinstall Tcheck Ttotal Status Flags
r-devel-linux-x86_64-debian-clang 2.4.1 4.63 47.59 52.22 OK
r-devel-linux-x86_64-debian-gcc 2.4.1 4.48 38.03 42.51 OK
r-devel-linux-x86_64-fedora-clang 2.4.1 62.11 NOTE
r-devel-linux-x86_64-fedora-gcc 2.4.1 60.29 NOTE
r-devel-windows-ix86+x86_64 2.4.1 21.00 85.00 106.00 OK
r-patched-linux-x86_64 2.4.1 5.13 44.04 49.17 OK
r-patched-solaris-x86 2.4.1 92.50 OK
r-release-linux-x86_64 2.4.1 5.42 44.83 50.25 OK
r-release-windows-ix86+x86_64 2.4.1 12.00 106.00 118.00 OK
r-release-osx-x86_64 2.4.1 OK
r-oldrel-windows-ix86+x86_64 2.4.1 11.00 109.00 120.00 OK
r-oldrel-osx-x86_64 2.4.1 OK

Check Details

Version: 2.4.1
Check: compiled code
Result: NOTE
    File ‘kml/libs/kml.so’:
     Found no calls to: ‘R_registerRoutines’, ‘R_useDynamicSymbols’
    
    It is good practice to register native routines and to disable symbol
    search.
    
    See ‘Writing portable packages’ in the ‘Writing R Extensions’ manual.
Flavors: r-devel-linux-x86_64-fedora-clang, r-devel-linux-x86_64-fedora-gcc