CRAN Package Check Results for Package kpodclustr

Last updated on 2024-03-01 22:53:40 CET.

Flavor Version Tinstall Tcheck Ttotal Status Flags
r-devel-linux-x86_64-debian-clang 1.1 1.61 21.10 22.71 NOTE
r-devel-linux-x86_64-debian-gcc 1.1 1.67 16.48 18.15 NOTE
r-devel-linux-x86_64-fedora-clang 1.1 29.18 NOTE
r-devel-linux-x86_64-fedora-gcc 1.1 28.13 NOTE
r-devel-windows-x86_64 1.1 3.00 37.00 40.00 NOTE
r-patched-linux-x86_64 1.1 2.44 20.98 23.42 NOTE
r-release-linux-x86_64 1.1 2.06 21.00 23.06 NOTE
r-release-macos-arm64 1.1 14.00 NOTE
r-release-macos-x86_64 1.1 17.00 NOTE
r-release-windows-x86_64 1.1 6.00 35.00 41.00 NOTE
r-oldrel-macos-arm64 1.1 16.00 NOTE
r-oldrel-windows-x86_64 1.1 6.00 41.00 47.00 NOTE

Check Details

Version: 1.1
Check: LazyData
Result: NOTE 'LazyData' is specified without a 'data' directory Flavors: r-devel-linux-x86_64-debian-clang, r-devel-linux-x86_64-debian-gcc, r-devel-linux-x86_64-fedora-clang, r-devel-linux-x86_64-fedora-gcc, r-devel-windows-x86_64, r-patched-linux-x86_64, r-release-linux-x86_64, r-release-macos-arm64, r-release-macos-x86_64, r-release-windows-x86_64, r-oldrel-macos-arm64, r-oldrel-windows-x86_64