Last updated on 2024-04-19 22:55:50 CEST.
Flavor | Version | Tinstall | Tcheck | Ttotal | Status | Flags |
---|---|---|---|---|---|---|
r-devel-linux-x86_64-debian-clang | 0.1.6 | 41.94 | 30.73 | 72.67 | NOTE | |
r-devel-linux-x86_64-debian-gcc | 0.1.6 | NOTE | ||||
r-devel-linux-x86_64-fedora-clang | 0.1.6 | 97.79 | NOTE | |||
r-devel-linux-x86_64-fedora-gcc | 0.1.6 | 99.99 | NOTE | |||
r-prerel-macos-arm64 | 0.1.6 | 26.00 | NOTE | |||
r-prerel-windows-x86_64 | 0.1.6 | 30.00 | 63.00 | 93.00 | NOTE | |
r-patched-linux-x86_64 | 0.1.6 | 32.17 | 29.98 | 62.15 | NOTE | |
r-release-linux-x86_64 | 0.1.6 | 33.65 | 30.88 | 64.53 | NOTE | |
r-release-macos-arm64 | 0.1.6 | 30.00 | NOTE | |||
r-release-macos-x86_64 | 0.1.6 | 44.00 | NOTE | |||
r-release-windows-x86_64 | 0.1.6 | 33.00 | 72.00 | 105.00 | NOTE | |
r-oldrel-macos-arm64 | 0.1.6 | 28.00 | NOTE | |||
r-oldrel-windows-x86_64 | 0.1.6 | 35.00 | 72.00 | 107.00 | NOTE |
Version: 0.1.6
Check: LazyData
Result: NOTE
'LazyData' is specified without a 'data' directory
Flavors: r-devel-linux-x86_64-debian-clang, r-devel-linux-x86_64-debian-gcc, r-devel-linux-x86_64-fedora-clang, r-devel-linux-x86_64-fedora-gcc, r-prerel-macos-arm64, r-prerel-windows-x86_64, r-patched-linux-x86_64, r-release-linux-x86_64, r-release-macos-arm64, r-release-macos-x86_64, r-release-windows-x86_64, r-oldrel-macos-arm64, r-oldrel-windows-x86_64