Last updated on 2023-06-09 22:58:30 CEST.
Flavor | Version | Tinstall | Tcheck | Ttotal | Status | Flags |
---|---|---|---|---|---|---|
r-devel-linux-x86_64-debian-clang | 1.1-5 | 11.66 | 208.03 | 219.69 | OK | |
r-devel-linux-x86_64-debian-gcc | 1.1-5 | 9.99 | 154.59 | 164.58 | OK | |
r-devel-linux-x86_64-fedora-clang | 1.1-5 | 266.80 | OK | |||
r-devel-linux-x86_64-fedora-gcc | 1.1-5 | 277.80 | OK | |||
r-devel-windows-x86_64 | 1.1-5 | 10.00 | 227.00 | 237.00 | OK | |
r-patched-linux-x86_64 | 1.1-5 | 17.01 | 198.96 | 215.97 | OK | |
r-release-linux-x86_64 | 1.1-5 | 7.31 | 197.18 | 204.49 | OK | |
r-release-macos-arm64 | 1.1-5 | 102.00 | OK | |||
r-release-macos-x86_64 | 1.1-5 | 164.00 | NOTE | |||
r-release-windows-x86_64 | 1.1-5 | 14.00 | 246.00 | 260.00 | OK | |
r-oldrel-macos-arm64 | 1.1-5 | 74.00 | OK | |||
r-oldrel-macos-x86_64 | 1.1-5 | 135.00 | OK | |||
r-oldrel-windows-x86_64 | 1.1-5 | 14.00 | 245.00 | 259.00 | OK |
Version: 1.1-5
Check: package dependencies
Result: NOTE
Packages suggested but not available for checking: 'envi', 'terra'
Flavor: r-release-macos-x86_64