Last updated on 2023-02-07 23:07:51 CET.
Flavor | Version | Tinstall | Tcheck | Ttotal | Status | Flags |
---|---|---|---|---|---|---|
r-devel-linux-x86_64-debian-clang | 1.2.4 | 92.54 | 217.81 | 310.35 | NOTE | |
r-devel-linux-x86_64-debian-gcc | 1.2.4 | 72.01 | 160.67 | 232.68 | NOTE | |
r-devel-linux-x86_64-fedora-clang | 1.2.4 | 407.68 | NOTE | |||
r-devel-linux-x86_64-fedora-gcc | 1.2.4 | 415.97 | NOTE | |||
r-devel-windows-x86_64 | 1.2.4 | 156.00 | 308.00 | 464.00 | NOTE | |
r-patched-linux-x86_64 | 1.2.4 | 76.22 | 201.60 | 277.82 | OK | |
r-release-linux-x86_64 | 1.2.4 | 64.78 | 190.35 | 255.13 | OK | |
r-release-macos-arm64 | 1.2.4 | 75.00 | NOTE | |||
r-release-macos-x86_64 | 1.2.4 | 139.00 | NOTE | |||
r-release-windows-x86_64 | 1.2.4 | 137.00 | 302.00 | 439.00 | NOTE | |
r-oldrel-macos-arm64 | 1.2.4 | 86.00 | NOTE | |||
r-oldrel-macos-x86_64 | 1.2.4 | 148.00 | NOTE | |||
r-oldrel-windows-ix86+x86_64 | 1.2.4 | 35.00 | 19.00 | 54.00 | ERROR |
Version: 1.2.4
Check: C++ specification
Result: NOTE
Specified C++11: please update to current default of C++17
Flavors: r-devel-linux-x86_64-debian-clang, r-devel-linux-x86_64-debian-gcc, r-devel-windows-x86_64
Version: 1.2.4
Check: C++ specification
Result: NOTE
Specified C++11: please drop specification unless essential
Flavors: r-devel-linux-x86_64-fedora-clang, r-devel-linux-x86_64-fedora-gcc
Version: 1.2.4
Check: installed package size
Result: NOTE
installed size is 6.0Mb
sub-directories of 1Mb or more:
doc 1.1Mb
libs 1.7Mb
shiny-landsepi 1.3Mb
Flavors: r-devel-windows-x86_64, r-release-macos-arm64, r-release-macos-x86_64, r-release-windows-x86_64, r-oldrel-macos-arm64, r-oldrel-macos-x86_64
Version: 1.2.4
Check: whether package can be installed
Result: ERROR
Installation failed.
Flavor: r-oldrel-windows-ix86+x86_64