CRAN Package Check Results for Package largeVis

Last updated on 2018-01-18 22:47:30 CET.

Flavor Version Tinstall Tcheck Ttotal Status Flags
r-devel-linux-x86_64-debian-clang 0.2.1 202.04 48.16 250.20 OK --no-examples --no-tests --no-vignettes
r-devel-linux-x86_64-debian-gcc 0.2.1 167.10 41.54 208.64 OK --no-examples --no-tests --no-vignettes
r-devel-linux-x86_64-fedora-clang 0.2.1 469.13 NOTE
r-devel-linux-x86_64-fedora-gcc 0.2.1 446.90 NOTE
r-devel-windows-ix86+x86_64 0.2.1 417.00 186.00 603.00 NOTE
r-patched-linux-x86_64 0.2.1 204.13 58.66 262.79 OK --no-examples --no-tests --no-vignettes
r-patched-solaris-x86 0.2.1 422.70 ERROR
r-release-linux-x86_64 0.2.1 209.55 57.34 266.89 OK --no-examples --no-tests --no-vignettes
r-release-windows-ix86+x86_64 0.2.1 405.00 185.00 590.00 NOTE
r-release-osx-x86_64 0.2.1 NOTE
r-oldrel-windows-ix86+x86_64 0.2.1 549.00 229.00 778.00 NOTE
r-oldrel-osx-x86_64 0.2.1 NOTE

Additional issues

clang-ASAN

Check Details

Version: 0.2.1
Check: installed package size
Result: NOTE
     installed size is 19.0Mb
     sub-directories of 1Mb or more:
     libs 14.0Mb
     testdata 1.8Mb
     vignettedata 2.0Mb
Flavors: r-devel-linux-x86_64-fedora-clang, r-devel-linux-x86_64-fedora-gcc, r-devel-windows-ix86+x86_64, r-patched-solaris-x86, r-release-windows-ix86+x86_64, r-release-osx-x86_64, r-oldrel-windows-ix86+x86_64, r-oldrel-osx-x86_64

Version: 0.2.1
Check: examples
Result: ERROR
    Running examples in ‘largeVis-Ex.R’ failed
    The error most likely occurred in:
    
    > ### Name: as.dendrogram.hdbscan
    > ### Title: as.dendrogram.hdbscan
    > ### Aliases: as.dendrogram.hdbscan
    >
    > ### ** Examples
    >
    > data(iris)
    > vis <- largeVis(t(iris[,1:4]), K = 20, sgd_batches = 1, threads = 1)
    Error: C stack usage 193490240 is too close to the limit
    
    error: Mat::col(): index out of bounds
    
    error: Mat::col(): index out of bounds
    terminate called after throwing an instance of 'std::logic_error'
     what(): Mat::col(): index out of bounds
Flavor: r-patched-solaris-x86

Version: 0.2.1
Check: tests
Result: ERROR
     Running ‘testthat.R’ [10s/28s]
    Running the tests in ‘tests/testthat.R’ failed.
    Complete output:
     > library(testthat)
     > library(largeVis)
     Loading required package: Matrix
     largeVis was compiled with 32-bit types. This will limit the size of the datasets it can process. Consider recompiling with -DARMA_64BIT_WORD
     >
     > test_check("largeVis")
     Error: C stack usage 194800448 is too close to the limit
     Error: C stack usage 194800448 is too close to the limit
     Error: C stack usage 194800448 is too close to the limit
     Error: C stack usage 194800448 is too close to the limit
     Error: C stack usage 194800448 is too close to the limit
     Error: C stack usage 194800448 is too close to the limit
     ── 1. Failure: max threshold is sufficient to find all neighbors (@test_b_neighb
     `score` is not more than M * ncol(dat) - 1. Difference: -742
    
     Error: C stack usage 194800448 is too close to the limit
     ── 2. Failure: exploration is not negative (@test_b_neighbors.R#72) ───────────
     baseline is not more than (M * ncol(dat)) - 1. Difference: -700
    
     Error: C stack usage 194800448 is too close to the limit
     ── 3. Failure: exploration is not negative (@test_b_neighbors.R#82) ───────────
     1 iteration is not more than `oldscore`. Difference: -22
    
     Error: C stack usage 194800448 is too close to the limit
     Error: C stack usage 194800448 is too close to the limit
     ── 4. Failure: Can determine iris neighbors with iterations 1 thread (@test_b_ne
     sum(neighbors[, 1:40] > 50) not equal to 0.
     1/1 mismatches
     [1] 8 - 0 == 8
    
     ── 5. Failure: Can determine iris neighbors with iterations 1 thread (@test_b_ne
     `score` is not more than M * ncol(dat) - 1. Difference: -701
    
     Error: C stack usage 194800448 is too close to the limit
     ── 6. Failure: Can determine iris neighbors with iterations 2 threads (@test_b_n
     sum(neighbors[, 1:40] > 50) not equal to 0.
     1/1 mismatches
     [1] 198 - 0 == 198
    
     ── 7. Failure: Can determine iris neighbors with iterations 2 threads (@test_b_n
     `score` is not more than M * ncol(dat) - 1. Difference: -744
    
     Error: C stack usage 194800448 is too close to the limit
     ── 8. Failure: Can determine iris neighbors accurately, Euclidean (@test_b_neigh
     sum(neighbors != bests, na.rm = TRUE) is not less than 5. Difference: 731
    
     Error: C stack usage 194800448 is too close to the limit
     Error: C stack usage 194800448 is too close to the limit
     ── 9. Failure: With a bigger dataset, performance is as expected (@test_b_neighb
     threshold = 40 is not less than `oldscore`. Difference: 2
    
     Error: C stack usage 194800448 is too close to the limit
     ── 10. Failure: With a bigger dataset, performance is as expected (@test_b_neigh
     threshold = 80 is not less than `oldscore`. Difference: 1
    
     Error: C stack usage 194800448 is too close to the limit
     Error: C stack usage 194800448 is too close to the limit
     Error: C stack usage 194800448 is too close to the limit
     Error: C stack usage 194800448 is too close to the limit
     ── 11. Failure: With a bigger dataset, performance is as expected (@test_b_neigh
     n_trees= 40 is not less than `oldscore`. Difference: 2
    
     Error: C stack usage 194800448 is too close to the limit
     Error: C stack usage 194800448 is too close to the limit
     Error: C stack usage 194800448 is too close to the limit
     Error: C stack usage 194800448 is too close to the limit
     Error: C stack usage 194800448 is too close to the limit
     Error: C stack usage 194800448 is too close to the limit
    
     error:
     error: Mat::col(): index out of boundsMat::col(): index out of bounds
    
     terminate called recursively
     terminate called after throwing an instance of '
Flavor: r-patched-solaris-x86

Version: 0.2.1
Check: re-building of vignette outputs
Result: WARN
    Error in re-building vignettes:
     ...
    Warning in engine$weave(file, quiet = quiet, encoding = enc) :
     Pandoc (>= 1.12.3) and/or pandoc-citeproc not available. Falling back to R Markdown v1.
    largeVis was compiled with 32-bit types. This will limit the size of the datasets it can process. Consider recompiling with -DARMA_64BIT_WORD
    Warning in engine$weave(file, quiet = quiet, encoding = enc) :
     Pandoc (>= 1.12.3) and/or pandoc-citeproc not available. Falling back to R Markdown v1.
    Warning in unit(c(t, r, b, l), unit) : NAs introduced by coercion
    Error: C stack usage 308964672 is too close to the limit
    
    error:
    error: Mat::col(): index out of bounds
    Mat::col(): index out of bounds
    terminate called recursively
    terminate called after throwing an instance of '
Flavor: r-patched-solaris-x86