CRAN Package Check Results for Package largeVis

Last updated on 2018-10-16 22:56:21 CEST.

Flavor Version Tinstall Tcheck Ttotal Status Flags
r-release-osx-x86_64 0.2.1.1 NOTE
r-oldrel-osx-x86_64 0.2.1.1 NOTE

Additional issues

clang-ASAN

Check Details

Version: 0.2.1.1
Check: installed package size
Result: NOTE
     installed size is 17.0Mb
     sub-directories of 1Mb or more:
     libs 12.0Mb
     testdata 1.8Mb
     vignettedata 2.0Mb
Flavors: r-release-osx-x86_64, r-oldrel-osx-x86_64