CRAN Package Check Results for Package latentnet

Last updated on 2018-09-23 22:47:01 CEST.

Flavor Version Tinstall Tcheck Ttotal Status Flags
r-devel-linux-x86_64-debian-clang 2.9.0 17.28 141.99 159.27 OK
r-devel-linux-x86_64-debian-gcc 2.9.0 11.26 110.86 122.12 OK
r-devel-linux-x86_64-fedora-clang 2.9.0 189.01 OK
r-devel-linux-x86_64-fedora-gcc 2.9.0 180.54 OK
r-devel-windows-ix86+x86_64 2.9.0 53.00 239.00 292.00 OK
r-patched-linux-x86_64 2.9.0 14.83 126.03 140.86 OK
r-patched-solaris-x86 2.9.0 239.00 OK
r-release-linux-x86_64 2.9.0 16.81 126.57 143.38 OK
r-release-windows-ix86+x86_64 2.9.0 35.00 276.00 311.00 OK
r-release-osx-x86_64 2.9.0 OK
r-oldrel-windows-ix86+x86_64 2.9.0 28.00 322.00 350.00 OK
r-oldrel-osx-x86_64 2.9.0 ERROR

Check Details

Version: 2.9.0
Check: package dependencies
Result: ERROR
    Package required and available but unsuitable version: ‘ergm’
    
    See section ‘The DESCRIPTION file’ in the ‘Writing R Extensions’
    manual.
Flavor: r-oldrel-osx-x86_64