Last updated on 2024-03-28 23:01:48 CET.
Flavor | Version | Tinstall | Tcheck | Ttotal | Status | Flags |
---|---|---|---|---|---|---|
r-devel-linux-x86_64-debian-clang | 2.11.0 | 25.94 | 214.92 | 240.86 | NOTE | |
r-devel-linux-x86_64-debian-gcc | 2.11.0 | 18.84 | 158.26 | 177.10 | NOTE | |
r-devel-linux-x86_64-fedora-clang | 2.11.0 | 293.80 | NOTE | |||
r-devel-linux-x86_64-fedora-gcc | 2.11.0 | 282.42 | NOTE | |||
r-devel-windows-x86_64 | 2.11.0 | 27.00 | 184.00 | 211.00 | NOTE | |
r-patched-linux-x86_64 | 2.11.0 | 28.93 | 210.83 | 239.76 | NOTE | |
r-release-linux-x86_64 | 2.11.0 | 24.15 | 212.35 | 236.50 | NOTE | |
r-release-macos-arm64 | 2.11.0 | 89.00 | NOTE | |||
r-release-macos-x86_64 | 2.11.0 | 211.00 | NOTE | |||
r-release-windows-x86_64 | 2.11.0 | 33.00 | 220.00 | 253.00 | NOTE | |
r-oldrel-macos-arm64 | 2.11.0 | 79.00 | NOTE | |||
r-oldrel-windows-x86_64 | 2.11.0 | 34.00 | 219.00 | 253.00 | NOTE |
Version: 2.11.0
Check: for GNU extensions in Makefiles
Result: NOTE
GNU make is a SystemRequirements.
Flavors: r-devel-linux-x86_64-debian-clang, r-devel-linux-x86_64-debian-gcc, r-devel-linux-x86_64-fedora-clang, r-devel-linux-x86_64-fedora-gcc, r-devel-windows-x86_64, r-patched-linux-x86_64, r-release-linux-x86_64, r-release-macos-arm64, r-release-macos-x86_64, r-release-windows-x86_64, r-oldrel-macos-arm64, r-oldrel-windows-x86_64