CRAN Package Check Results for Package latentnet

Last updated on 2018-06-24 22:49:25 CEST.

Flavor Version Tinstall Tcheck Ttotal Status Flags
r-devel-linux-x86_64-debian-clang 2.8.0 15.05 127.02 142.07 WARN
r-devel-linux-x86_64-debian-gcc 2.8.0 12.09 96.34 108.43 WARN
r-devel-linux-x86_64-fedora-clang 2.8.0 168.87 WARN
r-devel-linux-x86_64-fedora-gcc 2.8.0 159.71 WARN
r-devel-windows-ix86+x86_64 2.8.0 49.00 203.00 252.00 WARN
r-patched-linux-x86_64 2.8.0 12.84 116.61 129.45 WARN
r-patched-solaris-x86 2.8.0 217.20 WARN
r-release-linux-x86_64 2.8.0 13.34 113.25 126.59 WARN
r-release-windows-ix86+x86_64 2.8.0 44.00 164.00 208.00 WARN
r-release-osx-x86_64 2.8.0 OK
r-oldrel-windows-ix86+x86_64 2.8.0 39.00 186.00 225.00 WARN
r-oldrel-osx-x86_64 2.8.0 OK

Check Details

Version: 2.8.0
Check: whether package can be installed
Result: WARN
    Found the following significant warnings:
     Warning: replacing previous import ‘ergm::colMeans.mcmc.list’ by ‘statnet.common::colMeans.mcmc.list’ when loading ‘latentnet’
     Warning: replacing previous import ‘ergm::sweep.mcmc.list’ by ‘statnet.common::sweep.mcmc.list’ when loading ‘latentnet’
Flavors: r-devel-linux-x86_64-debian-clang, r-devel-linux-x86_64-debian-gcc, r-devel-linux-x86_64-fedora-clang, r-devel-linux-x86_64-fedora-gcc, r-devel-windows-ix86+x86_64, r-patched-linux-x86_64, r-patched-solaris-x86, r-release-linux-x86_64, r-release-windows-ix86+x86_64, r-oldrel-windows-ix86+x86_64