Last updated on 2024-04-23 22:55:26 CEST.
Flavor | Version | Tinstall | Tcheck | Ttotal | Status | Flags |
---|---|---|---|---|---|---|
r-devel-linux-x86_64-debian-clang | 1.6.0 | 23.96 | 436.75 | 460.71 | NOTE | |
r-devel-linux-x86_64-debian-gcc | 1.6.0 | 19.90 | 340.77 | 360.67 | NOTE | |
r-devel-linux-x86_64-fedora-clang | 1.6.0 | 674.81 | NOTE | |||
r-devel-linux-x86_64-fedora-gcc | 1.6.0 | 615.43 | NOTE | |||
r-prerel-macos-arm64 | 1.6.0 | 229.00 | NOTE | |||
r-prerel-macos-x86_64 | 1.6.0 | 383.00 | NOTE | |||
r-prerel-windows-x86_64 | 1.6.0 | 21.00 | 319.00 | 340.00 | NOTE | |
r-patched-linux-x86_64 | 1.6.0 | 29.33 | 454.95 | 484.28 | NOTE | |
r-release-linux-x86_64 | 1.6.0 | 19.10 | 408.47 | 427.57 | OK | |
r-release-macos-arm64 | 1.6.0 | 148.00 | NOTE | |||
r-release-macos-x86_64 | 1.6.0 | 317.00 | NOTE | |||
r-release-windows-x86_64 | 1.6.0 | 30.00 | 414.00 | 444.00 | OK | |
r-oldrel-macos-arm64 | 1.6.0 | 267.00 | NOTE | |||
r-oldrel-windows-x86_64 | 1.6.0 | 31.00 | 385.00 | 416.00 | OK |
Version: 1.6.0
Check: HTML version of manual
Result: NOTE
Found the following HTML validation problems:
plotClusterTrajectories.html:75:1 (plotClusterTrajectories.Rd:43): Warning: trimming empty <dt>
plotFittedTrajectories.html:50:1 (plotFittedTrajectories.Rd:18): Warning: trimming empty <dt>
plotTrajectories.html:64:1 (plotTrajectories.Rd:32): Warning: trimming empty <dt>
predictPostprob.html:56:1 (predictPostprob.Rd:20): Warning: trimming empty <dt>
Flavors: r-devel-linux-x86_64-debian-clang, r-devel-linux-x86_64-debian-gcc, r-devel-linux-x86_64-fedora-clang, r-devel-linux-x86_64-fedora-gcc, r-prerel-windows-x86_64, r-patched-linux-x86_64
Version: 1.6.0
Check: package dependencies
Result: NOTE
Package suggested but not available for checking: ‘mixAK’
Flavors: r-prerel-macos-arm64, r-prerel-macos-x86_64, r-release-macos-arm64, r-release-macos-x86_64, r-oldrel-macos-arm64
Version: 1.6.0
Check: Rd cross-references
Result: NOTE
Package unavailable to check Rd xrefs: ‘mixAK’
Flavors: r-prerel-macos-arm64, r-prerel-macos-x86_64, r-release-macos-arm64, r-release-macos-x86_64, r-oldrel-macos-arm64