Last updated on 2023-11-29 23:02:39 CET.
Flavor | Version | Tinstall | Tcheck | Ttotal | Status | Flags |
---|---|---|---|---|---|---|
r-devel-linux-x86_64-debian-clang | 1.5.1 | 27.52 | 497.70 | 525.22 | NOTE | |
r-devel-linux-x86_64-debian-gcc | 1.5.1 | 19.76 | 321.18 | 340.94 | NOTE | |
r-devel-linux-x86_64-fedora-clang | 1.5.1 | 603.81 | NOTE | |||
r-devel-linux-x86_64-fedora-gcc | 1.5.1 | 537.64 | NOTE | |||
r-devel-windows-x86_64 | 1.5.1 | 22.00 | 343.00 | 365.00 | NOTE | |
r-patched-linux-x86_64 | 1.5.1 | 38.09 | 389.04 | 427.13 | NOTE | |
r-release-linux-x86_64 | 1.5.1 | 20.52 | 410.44 | 430.96 | NOTE | |
r-release-macos-arm64 | 1.5.1 | 140.00 | NOTE | |||
r-release-macos-x86_64 | 1.5.1 | 256.00 | NOTE | |||
r-release-windows-x86_64 | 1.5.1 | 29.00 | 427.00 | 456.00 | NOTE | |
r-oldrel-macos-arm64 | 1.5.1 | 193.00 | NOTE | |||
r-oldrel-macos-x86_64 | 1.5.1 | 306.00 | NOTE | |||
r-oldrel-windows-x86_64 | 1.5.1 | 30.00 | 389.00 | 419.00 | NOTE |
Version: 1.5.1
Check: package dependencies
Result: NOTE
Package suggested but not available for checking: ‘akmedoids’
Flavors: r-devel-linux-x86_64-debian-clang, r-devel-linux-x86_64-debian-gcc, r-devel-linux-x86_64-fedora-clang, r-devel-linux-x86_64-fedora-gcc, r-devel-windows-x86_64, r-release-linux-x86_64, r-release-windows-x86_64, r-oldrel-windows-x86_64
Version: 1.5.1
Check: Rd cross-references
Result: NOTE
Unknown package ‘akmedoids’ in Rd xrefs
Flavors: r-devel-linux-x86_64-debian-clang, r-devel-linux-x86_64-debian-gcc, r-devel-linux-x86_64-fedora-clang, r-devel-linux-x86_64-fedora-gcc, r-devel-windows-x86_64, r-release-linux-x86_64, r-release-windows-x86_64, r-oldrel-windows-x86_64
Version: 1.5.1
Check: Rd \usage sections
Result: NOTE
Objects in \usage without \alias in Rd file 'latrend-generics.Rd':
‘nClusters’ ‘clusterProportions’ ‘clusterTrajectories’ ‘compose’
‘converged’ ‘externalMetric’ ‘estimationTime’ ‘fit’
‘fittedTrajectories’ ‘getArgumentDefaults’ ‘getArgumentExclusions’
‘getLabel’ ‘getLcMethod’ ‘getName’ ‘getShortName’ ‘idVariable’
‘metric’ ‘plotFittedTrajectories’ ‘plotClusterTrajectories’ ‘postFit’
‘postprob’ ‘predictAssignments’ ‘predictForCluster’ ‘predictPostprob’
‘prepareData’ ‘preFit’ ‘qqPlot’ ‘responseVariable’ ‘strip’
‘timeVariable’ ‘trajectoryAssignments’ ‘validate’
Functions with \usage entries need to have the appropriate \alias
entries, and all their arguments documented.
The \usage entries must correspond to syntactically valid R code.
See chapter ‘Writing R documentation files’ in the ‘Writing R
Extensions’ manual.
Flavors: r-devel-linux-x86_64-debian-clang, r-devel-linux-x86_64-debian-gcc, r-devel-linux-x86_64-fedora-clang, r-devel-linux-x86_64-fedora-gcc, r-devel-windows-x86_64
Version: 1.5.1
Check: package dependencies
Result: NOTE
Packages suggested but not available for checking:
'akmedoids', 'clusterCrit'
Flavor: r-patched-linux-x86_64
Version: 1.5.1
Check: Rd cross-references
Result: NOTE
Unknown packages ‘clusterCrit’, ‘akmedoids’ in Rd xrefs
Flavor: r-patched-linux-x86_64
Version: 1.5.1
Check: package dependencies
Result: NOTE
Packages suggested but not available for checking:
'mixAK', 'akmedoids', 'clusterCrit'
Flavors: r-release-macos-arm64, r-release-macos-x86_64
Version: 1.5.1
Check: Rd cross-references
Result: NOTE
Package unavailable to check Rd xrefs: ‘mixAK’
Unknown packages ‘clusterCrit’, ‘akmedoids’ in Rd xrefs
Flavors: r-release-macos-arm64, r-release-macos-x86_64
Version: 1.5.1
Check: package dependencies
Result: NOTE
Package suggested but not available for checking: ‘mixAK’
Flavors: r-oldrel-macos-arm64, r-oldrel-macos-x86_64
Version: 1.5.1
Check: Rd cross-references
Result: NOTE
Package unavailable to check Rd xrefs: ‘mixAK’
Flavors: r-oldrel-macos-arm64, r-oldrel-macos-x86_64