CRAN Package Check Results for Package lattice

Last updated on 2017-12-13 21:50:53 CET.

Flavor Version Tinstall Tcheck Ttotal Status Flags
r-devel-linux-x86_64-debian-clang 0.20-35 2.88 184.14 187.02 OK
r-devel-linux-x86_64-debian-gcc 0.20-35 2.65 53.51 56.16 FAIL
r-devel-linux-x86_64-fedora-clang 0.20-35 208.95 OK
r-devel-linux-x86_64-fedora-gcc 0.20-35 207.61 OK
r-devel-windows-ix86+x86_64 0.20-35 23.00 255.00 278.00 OK
r-patched-linux-x86_64 0.20-35 2.74 184.18 186.92 OK
r-patched-solaris-x86 0.20-35 OK
r-release-linux-x86_64 0.20-35 2.65 180.34 182.99 OK
r-release-windows-ix86+x86_64 0.20-35 13.00 346.00 359.00 OK
r-release-osx-x86_64 0.20-35 OK
r-oldrel-windows-ix86+x86_64 0.20-35 19.00 225.00 244.00 OK
r-oldrel-osx-x86_64 0.20-35 OK

Check Details

Version: 0.20-35
Check: pragmas in C/C++ headers and code
Result: FAIL
    
Flavor: r-devel-linux-x86_64-debian-gcc