CRAN Package Check Results for Package lattice

Last updated on 2018-05-25 22:47:47 CEST.

Flavor Version Tinstall Tcheck Ttotal Status Flags
r-devel-linux-x86_64-debian-clang 0.20-35 15.09 122.99 138.08 OK
r-devel-linux-x86_64-debian-gcc 0.20-35 8.67 92.53 101.20 OK
r-devel-linux-x86_64-fedora-clang 0.20-35 171.10 OK
r-devel-linux-x86_64-fedora-gcc 0.20-35 161.58 OK
r-devel-windows-ix86+x86_64 0.20-35 27.00 185.00 212.00 OK
r-patched-linux-x86_64 0.20-35 14.48 122.39 136.87 OK
r-patched-solaris-x86 0.20-35 OK
r-release-linux-x86_64 0.20-35 14.12 123.30 137.42 OK
r-release-windows-ix86+x86_64 0.20-35 38.00 175.00 213.00 OK
r-release-osx-x86_64 0.20-35 ERROR
r-oldrel-windows-ix86+x86_64 0.20-35 17.00 243.00 260.00 OK
r-oldrel-osx-x86_64 0.20-35 OK

Check Details

Version: 0.20-35
Check: tests
Result: ERROR
     Running ‘MASSch04.R’ [1s/1s]
    Running the tests in ‘tests/MASSch04.R’ failed.
    Complete output:
     > #-*- R -*-
     >
     > ## Script from Fourth Edition of `Modern Applied Statistics with S'
     >
     > # Chapter 4 Graphical Output
     >
     > library(MASS)
     Error: package or namespace load failed for 'MASS' in gzfile(file, "rb"):
     cannot open the connection
     In addition: Warning message:
     In gzfile(file, "rb") :
     cannot open compressed file '/Volumes/SSD-Data/Builds/R-dev-web/QA/Simon/packages/el-capitan-x86_64/Rlib/3.5/MASS/data/Rdata.rdx', probable reason 'No such file or directory'
     Execution halted
Flavor: r-release-osx-x86_64