CRAN Package Check Results for Package lattice

Last updated on 2018-08-17 22:52:49 CEST.

Flavor Version Tinstall Tcheck Ttotal Status Flags
r-devel-linux-x86_64-debian-clang 0.20-35 13.19 122.97 136.16 OK
r-devel-linux-x86_64-debian-gcc 0.20-35 8.57 95.89 104.46 OK
r-devel-linux-x86_64-fedora-clang 0.20-35 162.72 OK
r-devel-linux-x86_64-fedora-gcc 0.20-35 160.13 OK
r-devel-windows-ix86+x86_64 0.20-35 26.00 225.00 251.00 OK
r-patched-linux-x86_64 0.20-35 12.39 122.85 135.24 OK
r-patched-solaris-x86 0.20-35 OK
r-release-linux-x86_64 0.20-35 13.67 123.66 137.33 OK
r-release-windows-ix86+x86_64 0.20-35 36.00 231.00 267.00 OK
r-release-osx-x86_64 0.20-35 ERROR
r-oldrel-windows-ix86+x86_64 0.20-35 12.00 329.00 341.00 OK
r-oldrel-osx-x86_64 0.20-35 OK

Check Details

Version: 0.20-35
Check: tests
Result: ERROR
     Running ‘MASSch04.R’ [1s/1s]
    Running the tests in ‘tests/MASSch04.R’ failed.
    Complete output:
     > #-*- R -*-
     >
     > ## Script from Fourth Edition of `Modern Applied Statistics with S'
     >
     > # Chapter 4 Graphical Output
     >
     > library(MASS)
     Error: package or namespace load failed for 'MASS' in gzfile(file, "rb"):
     cannot open the connection
     In addition: Warning message:
     In gzfile(file, "rb") :
     cannot open compressed file '/Volumes/SSD-Data/Builds/R-dev-web/QA/Simon/packages/el-capitan-x86_64/Rlib/3.5/MASS/data/Rdata.rdx', probable reason 'No such file or directory'
     Execution halted
Flavor: r-release-osx-x86_64