Last updated on 2023-06-09 22:58:30 CEST.
Flavor | Version | Tinstall | Tcheck | Ttotal | Status | Flags |
---|---|---|---|---|---|---|
r-devel-linux-x86_64-debian-clang | 1.1.4 | 10.34 | 80.94 | 91.28 | OK | |
r-devel-linux-x86_64-debian-gcc | 1.1.4 | 8.66 | 60.85 | 69.51 | OK | |
r-devel-linux-x86_64-fedora-clang | 1.1.4 | 112.69 | NOTE | |||
r-devel-linux-x86_64-fedora-gcc | 1.1.4 | 108.27 | OK | |||
r-devel-windows-x86_64 | 1.1.4 | 11.00 | 85.00 | 96.00 | OK | |
r-patched-linux-x86_64 | 1.1.4 | 11.39 | 75.28 | 86.67 | OK | |
r-release-linux-x86_64 | 1.1.4 | 9.54 | 76.70 | 86.24 | OK | |
r-release-macos-arm64 | 1.1.4 | 35.00 | OK | |||
r-release-macos-x86_64 | 1.1.4 | 53.00 | OK | |||
r-release-windows-x86_64 | 1.1.4 | 13.00 | 100.00 | 113.00 | OK | |
r-oldrel-macos-arm64 | 1.1.4 | 29.00 | OK | |||
r-oldrel-macos-x86_64 | 1.1.4 | 47.00 | OK | |||
r-oldrel-windows-x86_64 | 1.1.4 | 14.00 | 93.00 | 107.00 | OK |
Version: 1.1.4
Check: Rd cross-references
Result: NOTE
Undeclared package ‘gridExtra’ in Rd xrefs
Flavor: r-devel-linux-x86_64-fedora-clang