Last updated on 2023-01-30 22:57:13 CET.
Flavor | Version | Tinstall | Tcheck | Ttotal | Status | Flags |
---|---|---|---|---|---|---|
r-devel-linux-x86_64-debian-clang | 1.4.2 | 5.30 | 46.04 | 51.34 | OK | |
r-devel-linux-x86_64-debian-gcc | 1.4.2 | 3.93 | 36.14 | 40.07 | OK | |
r-devel-linux-x86_64-fedora-clang | 1.4.2 | 65.13 | NOTE | |||
r-devel-linux-x86_64-fedora-gcc | 1.4.2 | 62.34 | NOTE | |||
r-devel-windows-x86_64 | 1.4.2 | 35.00 | 100.00 | 135.00 | OK | |
r-patched-linux-x86_64 | 1.4.2 | 4.80 | 44.73 | 49.53 | OK | |
r-release-linux-x86_64 | 1.4.2 | 4.77 | 44.46 | 49.23 | OK | |
r-release-macos-arm64 | 1.4.2 | 26.00 | OK | |||
r-release-macos-x86_64 | 1.4.2 | 34.00 | OK | |||
r-release-windows-x86_64 | 1.4.2 | 19.00 | 94.00 | 113.00 | OK | |
r-oldrel-macos-arm64 | 1.4.2 | 29.00 | OK | |||
r-oldrel-macos-x86_64 | 1.4.2 | 50.00 | OK | |||
r-oldrel-windows-ix86+x86_64 | 1.4.2 | 14.00 | 88.00 | 102.00 | OK |
Version: 1.4.2
Check: compiled code
Result: NOTE
File ‘lda/libs/lda.so’:
Found no calls to: ‘R_registerRoutines’, ‘R_useDynamicSymbols’
It is good practice to register native routines and to disable symbol
search.
See ‘Writing portable packages’ in the ‘Writing R Extensions’ manual.
Flavors: r-devel-linux-x86_64-fedora-clang, r-devel-linux-x86_64-fedora-gcc