CRAN Package Check Results for Package ldbounds

Last updated on 2018-04-23 22:47:36 CEST.

Flavor Version Tinstall Tcheck Ttotal Status Flags
r-devel-linux-x86_64-debian-clang 1.1-1 1.51 18.66 20.17 ERROR
r-devel-linux-x86_64-debian-gcc 1.1-1 1.14 16.75 17.89 ERROR
r-devel-linux-x86_64-fedora-clang 1.1-1 29.92 NOTE
r-devel-linux-x86_64-fedora-gcc 1.1-1 27.13 NOTE
r-devel-windows-ix86+x86_64 1.1-1 6.00 33.00 39.00 NOTE
r-devel-osx-x86_64 1.1-1 NOTE
r-patched-linux-x86_64 1.1-1 1.53 20.84 22.37 ERROR
r-patched-solaris-x86 1.1-1 42.30 NOTE
r-release-linux-x86_64 1.1-1 1.06 26.63 27.69 NOTE
r-release-windows-ix86+x86_64 1.1-1 2.00 50.00 52.00 NOTE
r-release-osx-x86_64 1.1-1 NOTE
r-oldrel-windows-ix86+x86_64 1.1-1 2.00 39.00 41.00 NOTE

Check Details

Version: 1.1-1
Check: S3 generic/method consistency
Result: NOTE
    Found the following apparent S3 methods exported but not registered:
     plot.bounds plot.drift print.summary.bounds print.summary.drift
     summary.bounds summary.drift
    See section ‘Registering S3 methods’ in the ‘Writing R Extensions’
    manual.
Flavors: r-devel-linux-x86_64-debian-clang, r-devel-linux-x86_64-debian-gcc, r-devel-linux-x86_64-fedora-clang, r-devel-linux-x86_64-fedora-gcc, r-patched-linux-x86_64, r-patched-solaris-x86, r-release-linux-x86_64

Version: 1.1-1
Check: R code for possible problems
Result: NOTE
    adrift: no visible global function definition for ‘qnorm’
    alphas: no visible global function definition for ‘pnorm’
    alphas: no visible global function definition for ‘qnorm’
    ci: no visible global function definition for ‘qnorm’
    cprob: no visible global function definition for ‘pnorm’
    fcab: no visible global function definition for ‘dnorm’
    glan: no visible global function definition for ‘pnorm’
    glan: no visible global function definition for ‘dnorm’
    landem: no visible global function definition for ‘pnorm’
    landem: no visible global function definition for ‘qnorm’
    landem: no visible global function definition for ‘dnorm’
    qp: no visible global function definition for ‘pnorm’
    Undefined global functions or variables:
     dnorm pnorm qnorm
    Consider adding
     importFrom("stats", "dnorm", "pnorm", "qnorm")
    to your NAMESPACE file.
Flavors: r-devel-linux-x86_64-debian-clang, r-devel-linux-x86_64-debian-gcc, r-devel-linux-x86_64-fedora-clang, r-devel-linux-x86_64-fedora-gcc, r-devel-windows-ix86+x86_64, r-devel-osx-x86_64, r-patched-linux-x86_64, r-patched-solaris-x86, r-release-linux-x86_64, r-release-windows-ix86+x86_64, r-release-osx-x86_64, r-oldrel-windows-ix86+x86_64

Version: 1.1-1
Check: examples
Result: ERROR
    Running examples in ‘ldbounds-Ex.R’ failed
    The error most likely occurred in:
    
    > base::assign(".ptime", proc.time(), pos = "CheckExEnv")
    > ### Name: bounds
    > ### Title: Group Sequential Boundaries Using Spending Functions
    > ### Aliases: bounds
    > ### Keywords: misc
    >
    > ### ** Examples
    >
    > ## From Reboussin, et al. (2000)
    >
    > t <- seq(0.2,1,length=5)
    > obf.bd <- bounds(t,iuse=c(1,1),alpha=c(0.025,0.025))
    > summary(obf.bd)
     Length Class Mode
    bounds.type 1 -none- numeric
    spending.type 1 -none- character
    time 5 -none- numeric
    time2 5 -none- numeric
    alpha 2 -none- numeric
    overall.alpha 1 -none- numeric
    lower.bounds 5 -none- numeric
    upper.bounds 5 -none- numeric
    exit.pr 5 -none- numeric
    diff.pr 5 -none- numeric
    > plot(obf.bd)
    Error in xy.coords(x, y, xlabel, ylabel, log) :
     'x' is a list, but does not have components 'x' and 'y'
    Calls: plot -> plot.default -> xy.coords
    Execution halted
Flavors: r-devel-linux-x86_64-debian-clang, r-devel-linux-x86_64-debian-gcc, r-patched-linux-x86_64