Last updated on 2024-04-18 22:52:46 CEST.
Flavor | Version | Tinstall | Tcheck | Ttotal | Status | Flags |
---|---|---|---|---|---|---|
r-devel-linux-x86_64-debian-clang | 2.1.5 | 140.06 | 130.11 | 270.17 | NOTE | |
r-devel-linux-x86_64-debian-gcc | 2.1.5 | 116.91 | 94.41 | 211.32 | NOTE | |
r-devel-linux-x86_64-fedora-clang | 2.1.5 | 390.01 | NOTE | |||
r-devel-linux-x86_64-fedora-gcc | 2.1.5 | 408.00 | NOTE | |||
r-prerel-macos-arm64 | 2.1.5 | 84.00 | NOTE | |||
r-prerel-windows-x86_64 | 2.1.5 | 107.00 | 156.00 | 263.00 | NOTE | |
r-patched-linux-x86_64 | 2.1.5 | 137.85 | 125.29 | 263.14 | NOTE | |
r-release-linux-x86_64 | 2.1.5 | 147.00 | 124.69 | 271.69 | NOTE | |
r-release-macos-arm64 | 2.1.5 | 79.00 | NOTE | |||
r-release-macos-x86_64 | 2.1.5 | 129.00 | NOTE | |||
r-release-windows-x86_64 | 2.1.5 | 136.00 | 179.00 | 315.00 | NOTE | |
r-oldrel-macos-arm64 | 2.1.5 | 98.00 | NOTE | |||
r-oldrel-windows-x86_64 | 2.1.5 | 134.00 | 171.00 | 305.00 | OK |
Version: 2.1.5
Check: C++ specification
Result: NOTE
Specified C++11: please drop specification unless essential
Flavors: r-devel-linux-x86_64-debian-clang, r-devel-linux-x86_64-debian-gcc, r-devel-linux-x86_64-fedora-clang, r-devel-linux-x86_64-fedora-gcc, r-prerel-macos-arm64, r-prerel-windows-x86_64, r-patched-linux-x86_64, r-release-linux-x86_64, r-release-macos-arm64, r-release-macos-x86_64, r-release-windows-x86_64
Version: 2.1.5
Check: installed package size
Result: NOTE
installed size is 5.7Mb
sub-directories of 1Mb or more:
libs 5.0Mb
Flavors: r-prerel-macos-arm64, r-release-macos-arm64, r-release-macos-x86_64, r-oldrel-macos-arm64
Version: 2.1.5
Check: package dependencies
Result: NOTE
Package suggested but not available for checking: ‘VariantAnnotation’
Flavors: r-release-macos-arm64, r-release-macos-x86_64