Last updated on 2024-04-23 22:55:26 CEST.
Flavor | Version | Tinstall | Tcheck | Ttotal | Status | Flags |
---|---|---|---|---|---|---|
r-devel-linux-x86_64-debian-clang | 0.5.2 | 519.96 | 95.87 | 615.83 | OK | |
r-devel-linux-x86_64-debian-gcc | 0.5.2 | 420.88 | 70.40 | 491.28 | OK | |
r-devel-linux-x86_64-fedora-clang | 0.5.2 | 930.29 | OK | |||
r-devel-linux-x86_64-fedora-gcc | 0.5.2 | 953.97 | OK | |||
r-prerel-macos-arm64 | 0.5.2 | 177.00 | NOTE | |||
r-prerel-windows-x86_64 | 0.5.2 | 441.00 | 142.00 | 583.00 | OK | |
r-patched-linux-x86_64 | 0.5.2 | 520.30 | 90.11 | 610.41 | OK | |
r-release-linux-x86_64 | 0.5.2 | 522.57 | 90.41 | 612.98 | OK | |
r-release-macos-arm64 | 0.5.2 | 198.00 | NOTE | |||
r-release-macos-x86_64 | 0.5.2 | 222.00 | NOTE | |||
r-release-windows-x86_64 | 0.5.2 | 534.00 | 173.00 | 707.00 | OK | |
r-oldrel-macos-arm64 | 0.5.2 | 187.00 | NOTE | |||
r-oldrel-windows-x86_64 | 0.5.2 | 510.00 | 151.00 | 661.00 | OK |
Version: 0.5.2
Check: installed package size
Result: NOTE
installed size is 26.2Mb
sub-directories of 1Mb or more:
libs 24.8Mb
Flavors: r-prerel-macos-arm64, r-release-macos-arm64, r-release-macos-x86_64, r-oldrel-macos-arm64