CRAN Package Check Results for Package leafpm

Last updated on 2019-06-23 22:48:51 CEST.

Flavor Version Tinstall Tcheck Ttotal Status Flags
r-devel-linux-x86_64-debian-clang 0.1.0 1.42 18.49 19.91 OK
r-devel-linux-x86_64-debian-gcc 0.1.0 1.48 15.41 16.89 OK
r-devel-linux-x86_64-fedora-clang 0.1.0 25.08 NOTE
r-devel-linux-x86_64-fedora-gcc 0.1.0 24.36 NOTE
r-devel-windows-ix86+x86_64 0.1.0 8.00 32.00 40.00 OK
r-patched-linux-x86_64 0.1.0 1.72 18.62 20.34 OK
r-patched-solaris-x86 0.1.0 43.90 NOTE
r-release-linux-x86_64 0.1.0 1.69 18.58 20.27 OK
r-release-windows-ix86+x86_64 0.1.0 6.00 49.00 55.00 OK
r-release-osx-x86_64 0.1.0 NOTE
r-oldrel-windows-ix86+x86_64 0.1.0 3.00 46.00 49.00 OK
r-oldrel-osx-x86_64 0.1.0 NOTE

Check Details

Version: 0.1.0
Check: dependencies in R code
Result: NOTE
    Namespaces in Imports field not imported from:
     ‘dplyr’ ‘htmlwidgets’ ‘jsonlite’ ‘sf’
     All declared Imports should be used.
Flavors: r-devel-linux-x86_64-fedora-clang, r-devel-linux-x86_64-fedora-gcc, r-patched-solaris-x86, r-release-osx-x86_64, r-oldrel-osx-x86_64