CRAN Package Check Results for Package leaps

Last updated on 2018-06-20 22:49:19 CEST.

Flavor Version Tinstall Tcheck Ttotal Status Flags
r-devel-linux-x86_64-debian-clang 3.0 3.04 20.91 23.95 NOTE
r-devel-linux-x86_64-debian-gcc 3.0 2.19 16.64 18.83 NOTE
r-devel-linux-x86_64-fedora-clang 3.0 28.59 NOTE
r-devel-linux-x86_64-fedora-gcc 3.0 26.41 NOTE
r-devel-windows-ix86+x86_64 3.0 16.00 61.00 77.00 OK
r-patched-linux-x86_64 3.0 2.77 19.76 22.53 NOTE
r-patched-solaris-x86 3.0 39.80 NOTE
r-release-linux-x86_64 3.0 2.31 19.32 21.63 NOTE
r-release-windows-ix86+x86_64 3.0 10.00 53.00 63.00 OK
r-release-osx-x86_64 3.0 NOTE
r-oldrel-windows-ix86+x86_64 3.0 12.00 36.00 48.00 OK
r-oldrel-osx-x86_64 3.0 NOTE

Check Details

Version: 3.0
Check: compiled code
Result: NOTE
    File ‘leaps/libs/leaps.so’:
     Found ‘_gfortran_st_write’, possibly from ‘write’ (Fortran), ‘print’
     (Fortran)
     Object: ‘leaps.o’
    File ‘leaps/libs/leaps.so’:
     Found no calls to: ‘R_registerRoutines’, ‘R_useDynamicSymbols’
    
    Compiled code should not call entry points which might terminate R nor
    write to stdout/stderr instead of to the console, nor use Fortran I/O
    nor system RNGs.
    It is good practice to register native routines and to disable symbol
    search.
    
    See ‘Writing portable packages’ in the ‘Writing R Extensions’ manual.
Flavors: r-devel-linux-x86_64-debian-clang, r-devel-linux-x86_64-debian-gcc, r-devel-linux-x86_64-fedora-clang, r-devel-linux-x86_64-fedora-gcc, r-patched-linux-x86_64, r-release-linux-x86_64

Version: 3.0
Check: compiled code
Result: NOTE
    File ‘leaps/libs/leaps.so’:
     Found ‘__f90_esfw’, possibly from ‘print’ (Fortran), ‘write’
     (Fortran)
     Object: ‘leaps.o’
     Found ‘__f90_eslw’, possibly from ‘print’ (Fortran), ‘write’
     (Fortran)
     Object: ‘leaps.o’
    
    Compiled code should not call entry points which might terminate R nor
    write to stdout/stderr instead of to the console, nor use Fortran I/O
    nor system RNGs.
    
    See ‘Writing portable packages’ in the ‘Writing R Extensions’ manual.
Flavor: r-patched-solaris-x86

Version: 3.0
Check: compiled code
Result: NOTE
    File ‘leaps/libs/leaps.so’:
     Found ‘__gfortran_st_write’, possibly from ‘write’ (Fortran), ‘print’
     (Fortran)
     Object: ‘leaps.o’
    
    Compiled code should not call entry points which might terminate R nor
    write to stdout/stderr instead of to the console, nor use Fortran I/O
    nor system RNGs.
    
    See ‘Writing portable packages’ in the ‘Writing R Extensions’ manual.
Flavor: r-release-osx-x86_64

Version: 3.0
Check: compiled code
Result: NOTE
    File ‘leaps/libs/leaps.so’:
     Found ‘__gfortran_st_write’, possibly from ‘write’ (Fortran), ‘print’
     (Fortran)
     Object: ‘leaps.o’
    
    Compiled code should not call entry points which might terminate R nor
    write to stdout/stderr instead of to the console, nor the system RNG.
    
    See ‘Writing portable packages’ in the ‘Writing R Extensions’ manual.
Flavor: r-oldrel-osx-x86_64