CRAN Package Check Results for Package leaps

Last updated on 2017-11-21 22:48:07 CET.

Flavor Version Tinstall Tcheck Ttotal Status Flags
r-devel-linux-x86_64-debian-clang 3.0 1.62 12.55 14.17 NOTE
r-devel-linux-x86_64-debian-gcc 3.0 2.39 33.97 36.36 NOTE
r-devel-linux-x86_64-fedora-clang 3.0 22.42 NOTE
r-devel-linux-x86_64-fedora-gcc 3.0 24.46 NOTE
r-devel-windows-ix86+x86_64 3.0 18.00 36.00 54.00 NOTE
r-patched-linux-x86_64 3.0 1.48 13.15 14.63 NOTE
r-patched-solaris-x86 3.0 33.60 NOTE
r-release-linux-x86_64 3.0 1.63 12.97 14.59 NOTE
r-release-windows-ix86+x86_64 3.0 9.00 48.00 57.00 NOTE
r-release-osx-x86_64 3.0 NOTE
r-oldrel-windows-ix86+x86_64 3.0 8.00 41.00 49.00 NOTE
r-oldrel-osx-x86_64 3.0 NOTE

Check Details

Version: 3.0
Check: compiled code
Result: NOTE
    File ‘leaps/libs/leaps.so’:
     Found ‘_gfortran_st_write’, possibly from ‘write’ (Fortran), ‘print’
     (Fortran)
     Object: ‘leaps.o’
    File ‘leaps/libs/leaps.so’:
     Found no calls to: ‘R_registerRoutines’, ‘R_useDynamicSymbols’
    
    Compiled code should not call entry points which might terminate R nor
    write to stdout/stderr instead of to the console, nor the system RNG.
    It is good practice to register native routines and to disable symbol
    search.
    
    See ‘Writing portable packages’ in the ‘Writing R Extensions’ manual.
Flavors: r-devel-linux-x86_64-debian-clang, r-devel-linux-x86_64-debian-gcc, r-devel-linux-x86_64-fedora-clang, r-devel-linux-x86_64-fedora-gcc, r-patched-linux-x86_64, r-release-linux-x86_64

Version: 3.0
Check: compiled code
Result: NOTE
    File 'leaps/libs/i386/leaps.dll':
     Found '_gfortran_st_write', possibly from 'write' (Fortran), 'print'
     (Fortran)
     Object: 'leaps.o'
    File 'leaps/libs/x64/leaps.dll':
     Found '_gfortran_st_write', possibly from 'write' (Fortran), 'print'
     (Fortran)
     Object: 'leaps.o'
    
    Compiled code should not call entry points which might terminate R nor
    write to stdout/stderr instead of to the console, nor the system RNG.
    
    See 'Writing portable packages' in the 'Writing R Extensions' manual.
Flavors: r-devel-windows-ix86+x86_64, r-release-windows-ix86+x86_64, r-oldrel-windows-ix86+x86_64

Version: 3.0
Check: compiled code
Result: NOTE
    File ‘leaps/libs/leaps.so’:
     Found ‘__f90_esfw’, possibly from ‘print’ (Fortran), ‘write’
     (Fortran)
     Object: ‘leaps.o’
     Found ‘__f90_eslw’, possibly from ‘print’ (Fortran), ‘write’
     (Fortran)
     Object: ‘leaps.o’
    
    Compiled code should not call entry points which might terminate R nor
    write to stdout/stderr instead of to the console, nor the system RNG.
    
    See ‘Writing portable packages’ in the ‘Writing R Extensions’ manual.
Flavor: r-patched-solaris-x86

Version: 3.0
Check: compiled code
Result: NOTE
    File ‘leaps/libs/leaps.so’:
     Found ‘__gfortran_st_write’, possibly from ‘write’ (Fortran), ‘print’
     (Fortran)
     Object: ‘leaps.o’
    
    Compiled code should not call entry points which might terminate R nor
    write to stdout/stderr instead of to the console, nor the system RNG.
    
    See ‘Writing portable packages’ in the ‘Writing R Extensions’ manual.
Flavors: r-release-osx-x86_64, r-oldrel-osx-x86_64