Last updated on 2023-02-04 22:54:53 CET.
Flavor | Version | Tinstall | Tcheck | Ttotal | Status | Flags |
---|---|---|---|---|---|---|
r-devel-linux-x86_64-debian-clang | 0.11.2 | 11.52 | 146.04 | 157.56 | OK | |
r-devel-linux-x86_64-debian-gcc | 0.11.2 | 6.95 | 108.00 | 114.95 | OK | |
r-devel-linux-x86_64-fedora-clang | 0.11.2 | 186.96 | NOTE | |||
r-devel-linux-x86_64-fedora-gcc | 0.11.2 | 202.57 | OK | |||
r-devel-windows-x86_64 | 0.11.2 | 156.00 | 232.00 | 388.00 | OK | |
r-patched-linux-x86_64 | 0.11.2 | 14.76 | 134.90 | 149.66 | OK | |
r-release-linux-x86_64 | 0.11.2 | 11.85 | 134.60 | 146.45 | OK | |
r-release-macos-arm64 | 0.11.2 | 71.00 | OK | |||
r-release-macos-x86_64 | 0.11.2 | 86.00 | OK | |||
r-release-windows-x86_64 | 0.11.2 | 171.00 | 234.00 | 405.00 | OK | |
r-oldrel-macos-arm64 | 0.11.2 | 70.00 | OK | |||
r-oldrel-macos-x86_64 | 0.11.2 | 86.00 | OK | |||
r-oldrel-windows-ix86+x86_64 | 0.11.2 | 22.00 | 209.00 | 231.00 | OK |
Version: 0.11.2
Check: Rd cross-references
Result: NOTE
Undeclared packages ‘sortable’, ‘bslib’ in Rd xrefs
Flavor: r-devel-linux-x86_64-fedora-clang