Last updated on 2024-04-22 23:09:54 CEST.
Flavor | Version | Tinstall | Tcheck | Ttotal | Status | Flags |
---|---|---|---|---|---|---|
r-devel-linux-x86_64-debian-clang | 0.1.0 | 35.25 | 155.84 | 191.09 | OK | |
r-devel-linux-x86_64-debian-gcc | 0.1.0 | 31.03 | 112.60 | 143.63 | OK | |
r-devel-linux-x86_64-fedora-clang | 0.1.0 | 245.27 | NOTE | |||
r-devel-linux-x86_64-fedora-gcc | 0.1.0 | 240.37 | NOTE | |||
r-prerel-macos-arm64 | 0.1.0 | 61.00 | OK | |||
r-prerel-windows-x86_64 | 0.1.0 | 31.00 | 129.00 | 160.00 | OK | |
r-patched-linux-x86_64 | 0.1.0 | 27.49 | 148.17 | 175.66 | OK | |
r-release-linux-x86_64 | 0.1.0 | 23.67 | 150.97 | 174.64 | OK | |
r-release-macos-arm64 | 0.1.0 | 68.00 | OK | |||
r-release-macos-x86_64 | 0.1.0 | 113.00 | OK | |||
r-release-windows-x86_64 | 0.1.0 | 38.00 | 161.00 | 199.00 | OK | |
r-oldrel-macos-arm64 | 0.1.0 | 57.00 | NOTE | |||
r-oldrel-windows-x86_64 | 0.1.0 | 39.00 | 152.00 | 191.00 | OK |
Version: 0.1.0
Check: dependencies in R code
Result: NOTE
Namespace in Imports field not imported from: ‘R6’
All declared Imports should be used.
Flavors: r-devel-linux-x86_64-fedora-clang, r-devel-linux-x86_64-fedora-gcc, r-oldrel-macos-arm64