Last updated on 2023-09-29 21:53:57 CEST.
Flavor | Version | Tinstall | Tcheck | Ttotal | Status | Flags |
---|---|---|---|---|---|---|
r-devel-linux-x86_64-debian-clang | 1.1 | 36.06 | 199.07 | 235.13 | OK | |
r-devel-linux-x86_64-debian-gcc | 1.1 | 34.03 | 144.87 | 178.90 | OK | |
r-devel-linux-x86_64-fedora-clang | 1.1 | 283.80 | NOTE | |||
r-devel-linux-x86_64-fedora-gcc | 1.1 | 324.46 | NOTE | |||
r-devel-windows-x86_64 | 1.1 | 38.00 | 173.00 | 211.00 | OK | |
r-patched-linux-x86_64 | 1.1 | 36.84 | 194.19 | 231.03 | OK | |
r-release-linux-x86_64 | 1.1 | 32.98 | 197.43 | 230.41 | OK | |
r-release-macos-arm64 | 1.1 | 110.00 | NOTE | |||
r-release-macos-x86_64 | 1.1 | 156.00 | NOTE | |||
r-release-windows-x86_64 | 1.1 | 48.00 | 236.00 | 284.00 | OK | |
r-oldrel-macos-arm64 | 1.1 | 85.00 | NOTE | |||
r-oldrel-macos-x86_64 | 1.1 | 164.00 | NOTE | |||
r-oldrel-windows-x86_64 | 1.1 | 45.00 | 221.00 | 266.00 | OK |
Version: 1.1
Check: dependencies in R code
Result: NOTE
Namespaces in Imports field not imported from:
‘ggplot2’ ‘knitr’ ‘purrr’ ‘rmarkdown’
All declared Imports should be used.
Flavors: r-devel-linux-x86_64-fedora-clang, r-devel-linux-x86_64-fedora-gcc, r-oldrel-macos-arm64, r-oldrel-macos-x86_64
Version: 1.1
Check: installed package size
Result: NOTE
installed size is 12.8Mb
sub-directories of 1Mb or more:
data 1.8Mb
libs 10.5Mb
Flavors: r-release-macos-arm64, r-release-macos-x86_64, r-oldrel-macos-arm64, r-oldrel-macos-x86_64