CRAN Package Check Results for Package lfmm

Last updated on 2024-06-13 22:49:32 CEST.

Flavor Version Tinstall Tcheck Ttotal Status Flags
r-devel-linux-x86_64-debian-clang 1.1 48.72 176.89 225.61 OK
r-devel-linux-x86_64-debian-gcc 1.1 0.44 1.85 2.29 ERROR
r-devel-linux-x86_64-fedora-clang 1.1 284.72 NOTE
r-devel-linux-x86_64-fedora-gcc 1.1 329.47 NOTE
r-devel-windows-x86_64 1.1 35.00 178.00 213.00 OK
r-patched-linux-x86_64 1.1 41.21 199.44 240.65 OK
r-release-linux-x86_64 1.1 31.56 194.05 225.61 OK
r-release-macos-arm64 1.1 99.00 NOTE
r-release-macos-x86_64 1.1 209.00 NOTE
r-release-windows-x86_64 1.1 38.00 181.00 219.00 OK
r-oldrel-macos-arm64 1.1 110.00 NOTE
r-oldrel-macos-x86_64 1.1 156.00 NOTE
r-oldrel-windows-x86_64 1.1 45.00 217.00 262.00 OK

Check Details

Version: 1.1
Check: package dependencies
Result: ERROR Packages required but not available: 'ggplot2', 'readr', 'purrr' Package suggested but not available for checking: ‘testthat’ See section ‘The DESCRIPTION file’ in the ‘Writing R Extensions’ manual. Flavor: r-devel-linux-x86_64-debian-gcc

Version: 1.1
Check: dependencies in R code
Result: NOTE Namespaces in Imports field not imported from: ‘ggplot2’ ‘knitr’ ‘purrr’ ‘rmarkdown’ All declared Imports should be used. Flavors: r-devel-linux-x86_64-fedora-clang, r-devel-linux-x86_64-fedora-gcc

Version: 1.1
Check: installed package size
Result: NOTE installed size is 11.4Mb sub-directories of 1Mb or more: data 1.8Mb libs 9.1Mb Flavors: r-release-macos-arm64, r-release-macos-x86_64, r-oldrel-macos-arm64, r-oldrel-macos-x86_64