CRAN Package Check Results for Package lgcp

Last updated on 2020-01-18 22:48:35 CET.

Flavor Version Tinstall Tcheck Ttotal Status Flags
r-devel-linux-x86_64-debian-clang 1.5 51.04 309.02 360.06 OK
r-devel-linux-x86_64-debian-gcc 1.5 36.74 238.42 275.16 OK
r-devel-linux-x86_64-fedora-clang 1.5 427.88 OK
r-devel-linux-x86_64-fedora-gcc 1.5 423.82 OK
r-devel-windows-ix86+x86_64 1.5 94.00 305.00 399.00 OK
r-devel-windows-ix86+x86_64-gcc8 1.5 66.00 456.00 522.00 OK
r-patched-linux-x86_64 1.5 40.53 274.39 314.92 OK
r-patched-solaris-x86 1.5 534.40 OK
r-release-linux-x86_64 1.5 40.69 275.12 315.81 OK
r-release-windows-ix86+x86_64 1.5 81.00 268.00 349.00 OK
r-release-osx-x86_64 1.5 ERROR
r-oldrel-windows-ix86+x86_64 1.5 59.00 286.00 345.00 OK
r-oldrel-osx-x86_64 1.5 ERROR

Check Details

Version: 1.5
Check: package dependencies
Result: ERROR
    Package required but not available: ‘rpanel’
    
    See section ‘The DESCRIPTION file’ in the ‘Writing R Extensions’
    manual.
Flavors: r-release-osx-x86_64, r-oldrel-osx-x86_64