CRAN Package Check Results for Package lgcp

Last updated on 2019-08-23 22:50:02 CEST.

Flavor Version Tinstall Tcheck Ttotal Status Flags
r-devel-linux-x86_64-debian-clang 1.5 41.66 277.08 318.74 OK
r-devel-linux-x86_64-debian-gcc 1.5 OK
r-devel-linux-x86_64-fedora-clang 1.5 404.17 OK
r-devel-linux-x86_64-fedora-gcc 1.5 412.66 OK
r-devel-windows-ix86+x86_64 1.5 64.00 274.00 338.00 OK
r-patched-linux-x86_64 1.5 41.00 277.64 318.64 OK
r-patched-solaris-x86 1.5 552.20 OK
r-release-linux-x86_64 1.5 39.47 277.71 317.18 OK
r-release-windows-ix86+x86_64 1.5 80.00 422.00 502.00 OK
r-release-osx-x86_64 1.5 ERROR
r-oldrel-windows-ix86+x86_64 1.5 60.00 360.00 420.00 OK
r-oldrel-osx-x86_64 1.5 ERROR

Check Details

Version: 1.5
Check: package dependencies
Result: ERROR
    Package required but not available: ‘rpanel’
    
    See section ‘The DESCRIPTION file’ in the ‘Writing R Extensions’
    manual.
Flavors: r-release-osx-x86_64, r-oldrel-osx-x86_64