CRAN Package Check Results for Package lgr

Last updated on 2020-01-17 22:50:56 CET.

Flavor Version Tinstall Tcheck Ttotal Status Flags
r-devel-linux-x86_64-debian-clang 0.3.3 25.35 69.16 94.51 OK
r-devel-linux-x86_64-debian-gcc 0.3.3 22.12 55.03 77.15 OK
r-devel-linux-x86_64-fedora-clang 0.3.3 122.78 OK
r-devel-linux-x86_64-fedora-gcc 0.3.3 123.53 OK
r-devel-windows-ix86+x86_64 0.3.3 50.00 133.00 183.00 NOTE
r-devel-windows-ix86+x86_64-gcc8 0.3.3 36.00 135.00 171.00 NOTE
r-patched-linux-x86_64 0.3.3 20.12 64.10 84.22 OK
r-patched-solaris-x86 0.3.3 143.20 NOTE
r-release-linux-x86_64 0.3.3 19.65 63.86 83.51 OK
r-release-windows-ix86+x86_64 0.3.3 40.00 114.00 154.00 NOTE
r-release-osx-x86_64 0.3.3 OK
r-oldrel-windows-ix86+x86_64 0.3.3 36.00 85.00 121.00 NOTE
r-oldrel-osx-x86_64 0.3.3 OK

Check Details

Version: 0.3.3
Check: package dependencies
Result: NOTE
    Package suggested but not available for checking: 'rsyslog'
Flavors: r-devel-windows-ix86+x86_64, r-devel-windows-ix86+x86_64-gcc8, r-release-windows-ix86+x86_64, r-oldrel-windows-ix86+x86_64

Version: 0.3.3
Check: Rd cross-references
Result: NOTE
    Package unavailable to check Rd xrefs: 'rsyslog'
Flavors: r-devel-windows-ix86+x86_64, r-devel-windows-ix86+x86_64-gcc8, r-release-windows-ix86+x86_64, r-oldrel-windows-ix86+x86_64

Version: 0.3.3
Check: package dependencies
Result: NOTE
    Package suggested but not available for checking: ‘RPostgres’
Flavor: r-patched-solaris-x86