CRAN Package Check Results for Package lgr

Last updated on 2019-08-24 22:46:29 CEST.

Flavor Version Tinstall Tcheck Ttotal Status Flags
r-devel-linux-x86_64-debian-clang 0.3.2 22.53 64.48 87.01 OK
r-devel-linux-x86_64-debian-gcc 0.3.2 19.01 52.15 71.16 OK
r-devel-linux-x86_64-fedora-clang 0.3.2 100.88 OK
r-devel-linux-x86_64-fedora-gcc 0.3.2 72.20 OK
r-devel-windows-ix86+x86_64 0.3.2 27.00 86.00 113.00 NOTE
r-patched-linux-x86_64 0.3.2 24.71 63.51 88.22 OK
r-patched-solaris-x86 0.3.2 139.10 NOTE
r-release-linux-x86_64 0.3.2 20.16 63.10 83.26 OK
r-release-windows-ix86+x86_64 0.3.1 33.00 110.00 143.00 OK
r-release-osx-x86_64 0.3.2 OK
r-oldrel-windows-ix86+x86_64 0.3.2 35.00 102.00 137.00 NOTE
r-oldrel-osx-x86_64 0.3.2 OK

Check Details

Version: 0.3.2
Check: package dependencies
Result: NOTE
    Package suggested but not available for checking: 'rsyslog'
Flavors: r-devel-windows-ix86+x86_64, r-oldrel-windows-ix86+x86_64

Version: 0.3.2
Check: Rd cross-references
Result: NOTE
    Package unavailable to check Rd xrefs: 'rsyslog'
Flavors: r-devel-windows-ix86+x86_64, r-oldrel-windows-ix86+x86_64

Version: 0.3.2
Check: package dependencies
Result: NOTE
    Package suggested but not available for checking: ‘RPostgres’
Flavor: r-patched-solaris-x86