Last updated on 2023-06-08 22:57:04 CEST.
Flavor | Version | Tinstall | Tcheck | Ttotal | Status | Flags |
---|---|---|---|---|---|---|
r-devel-linux-x86_64-debian-clang | 0.0.8 | 15.49 | 52.79 | 68.28 | OK | |
r-devel-linux-x86_64-debian-gcc | 0.0.8 | 14.20 | 40.54 | 54.74 | OK | |
r-devel-linux-x86_64-fedora-clang | 0.0.8 | 86.19 | OK | |||
r-devel-linux-x86_64-fedora-gcc | 0.0.8 | 84.08 | OK | |||
r-devel-windows-x86_64 | 0.0.8 | 17.00 | 72.00 | 89.00 | NOTE | |
r-patched-linux-x86_64 | 0.0.8 | 16.51 | 50.36 | 66.87 | OK | |
r-release-linux-x86_64 | 0.0.8 | 15.53 | 49.81 | 65.34 | OK | |
r-release-macos-arm64 | 0.0.8 | 31.00 | OK | |||
r-release-macos-x86_64 | 0.0.8 | 50.00 | OK | |||
r-release-windows-x86_64 | 0.0.8 | 12.00 | 79.00 | 91.00 | NOTE | |
r-oldrel-macos-arm64 | 0.0.8 | 33.00 | OK | |||
r-oldrel-macos-x86_64 | 0.0.8 | 37.00 | OK | |||
r-oldrel-windows-x86_64 | 0.0.8 | 18.00 | 82.00 | 100.00 | NOTE |
Version: 0.0.8
Check: package dependencies
Result: NOTE
Package suggested but not available for checking: 'rsyslog'
Flavors: r-devel-windows-x86_64, r-release-windows-x86_64, r-oldrel-windows-x86_64