Last updated on 2024-03-28 23:01:48 CET.
Flavor | Version | Tinstall | Tcheck | Ttotal | Status | Flags |
---|---|---|---|---|---|---|
r-devel-linux-x86_64-debian-clang | 1.6.4 | 4.12 | 58.42 | 62.54 | OK | |
r-devel-linux-x86_64-debian-gcc | 1.6.4 | 4.13 | 43.86 | 47.99 | OK | |
r-devel-linux-x86_64-fedora-clang | 1.6.4 | 78.59 | NOTE | |||
r-devel-linux-x86_64-fedora-gcc | 1.6.4 | 89.91 | NOTE | |||
r-devel-windows-x86_64 | 1.6.4 | 7.00 | 74.00 | 81.00 | OK | |
r-patched-linux-x86_64 | 1.6.4 | 6.92 | 56.26 | 63.18 | OK | |
r-release-linux-x86_64 | 1.6.4 | 5.56 | 53.27 | 58.83 | OK | |
r-release-macos-arm64 | 1.6.4 | 31.00 | OK | |||
r-release-macos-x86_64 | 1.6.4 | 51.00 | OK | |||
r-release-windows-x86_64 | 1.6.4 | 7.00 | 81.00 | 88.00 | OK | |
r-oldrel-macos-arm64 | 1.6.4 | 29.00 | NOTE | |||
r-oldrel-windows-x86_64 | 1.6.4 | 8.00 | 79.00 | 87.00 | OK |
Version: 1.6.4
Check: data for non-ASCII characters
Result: NOTE
Note: found 22 marked UTF-8 strings
Flavors: r-devel-linux-x86_64-fedora-clang, r-devel-linux-x86_64-fedora-gcc, r-oldrel-macos-arm64