Last updated on 2024-04-25 22:49:11 CEST.
Flavor | Version | Tinstall | Tcheck | Ttotal | Status | Flags |
---|---|---|---|---|---|---|
r-devel-linux-x86_64-debian-clang | 3.11.1-2 | 915.42 | 25.84 | 941.26 | OK | |
r-devel-linux-x86_64-debian-gcc | 3.11.1-2 | 678.24 | 19.75 | 697.99 | OK | |
r-devel-linux-x86_64-fedora-clang | 3.11.1-2 | 1746.74 | OK | |||
r-devel-linux-x86_64-fedora-gcc | 3.11.1-2 | 1385.52 | OK | |||
r-devel-windows-x86_64 | 3.11.1-2 | 691.00 | 92.00 | 783.00 | OK | |
r-patched-linux-x86_64 | 3.11.1-2 | 905.44 | 25.02 | 930.46 | OK | |
r-release-linux-x86_64 | 3.11.1-2 | 875.11 | 24.36 | 899.47 | OK | |
r-release-macos-arm64 | 3.11.1-2 | 225.00 | NOTE | |||
r-release-windows-x86_64 | 3.11.1-2 | 649.00 | 97.00 | 746.00 | OK | |
r-oldrel-macos-arm64 | 3.11.1-2 | 254.00 | NOTE | |||
r-oldrel-macos-x86_64 | 3.11.1-2 | 175.00 | NOTE | |||
r-oldrel-windows-x86_64 | 3.11.1-2 | 648.00 | 109.00 | 757.00 | OK |
Version: 3.11.1-2
Check: installed package size
Result: NOTE
installed size is 43.5Mb
sub-directories of 1Mb or more:
libs 43.3Mb
Flavors: r-release-macos-arm64, r-oldrel-macos-arm64, r-oldrel-macos-x86_64