CRAN Package Check Results for Package lidR

Last updated on 2021-04-20 22:53:01 CEST.

Flavor Version Tinstall Tcheck Ttotal Status Flags
r-devel-linux-x86_64-debian-clang 3.1.2 131.45 267.78 399.23 NOTE
r-devel-linux-x86_64-debian-gcc 3.1.2 91.00 202.32 293.32 NOTE
r-devel-linux-x86_64-fedora-clang 3.1.2 523.09 NOTE
r-devel-linux-x86_64-fedora-gcc 3.1.2 518.55 NOTE
r-devel-windows-ix86+x86_64 3.1.2 192.00 365.00 557.00 NOTE
r-devel-windows-x86_64-gcc10-UCRT 3.1.2 ERROR
r-patched-linux-x86_64 3.1.2 111.84 251.90 363.74 OK
r-patched-solaris-x86 3.1.2 556.60 NOTE
r-release-linux-x86_64 3.1.2 106.62 253.36 359.98 OK
r-release-macos-x86_64 3.1.2 NOTE
r-release-windows-ix86+x86_64 3.1.2 256.00 500.00 756.00 NOTE
r-oldrel-macos-x86_64 3.1.2 NOTE
r-oldrel-windows-ix86+x86_64 3.1.2 250.00 373.00 623.00 NOTE

Check Details

Version: 3.1.2
Check: LazyData
Result: NOTE
     'LazyData' is specified without a 'data' directory
Flavors: r-devel-linux-x86_64-debian-clang, r-devel-linux-x86_64-debian-gcc, r-devel-linux-x86_64-fedora-clang, r-devel-linux-x86_64-fedora-gcc, r-devel-windows-ix86+x86_64

Version: 3.1.2
Check: installed package size
Result: NOTE
     installed size is 12.0Mb
     sub-directories of 1Mb or more:
     doc 1.0Mb
     extdata 1.1Mb
     libs 8.2Mb
Flavors: r-devel-linux-x86_64-fedora-clang, r-devel-windows-ix86+x86_64, r-patched-solaris-x86, r-release-macos-x86_64, r-release-windows-ix86+x86_64, r-oldrel-macos-x86_64, r-oldrel-windows-ix86+x86_64

Version: 3.1.2
Check: package dependencies
Result: ERROR
    Package required but not available: 'rgl'
    
    See section 'The DESCRIPTION file' in the 'Writing R Extensions'
    manual.
Flavor: r-devel-windows-x86_64-gcc10-UCRT