Last updated on 2024-04-18 22:52:46 CEST.
Flavor | Version | Tinstall | Tcheck | Ttotal | Status | Flags |
---|---|---|---|---|---|---|
r-devel-linux-x86_64-debian-clang | 1.0.1 | 27.51 | 308.23 | 335.74 | OK | |
r-devel-linux-x86_64-debian-gcc | 1.0.1 | 25.76 | 215.82 | 241.58 | OK | |
r-devel-linux-x86_64-fedora-clang | 1.0.1 | 411.07 | NOTE | |||
r-devel-linux-x86_64-fedora-gcc | 1.0.1 | 399.31 | NOTE | |||
r-prerel-macos-arm64 | 1.0.1 | 93.00 | OK | |||
r-prerel-windows-x86_64 | 1.0.1 | 24.00 | 183.00 | 207.00 | OK | |
r-patched-linux-x86_64 | 1.0.1 | 26.35 | 283.29 | 309.64 | OK | |
r-release-linux-x86_64 | 1.0.1 | 18.65 | 287.12 | 305.77 | OK | |
r-release-macos-arm64 | 1.0.1 | 95.00 | OK | |||
r-release-macos-x86_64 | 1.0.1 | 259.00 | OK | |||
r-release-windows-x86_64 | 1.0.1 | 33.00 | 243.00 | 276.00 | OK | |
r-oldrel-macos-arm64 | 1.0.1 | 92.00 | OK | |||
r-oldrel-windows-x86_64 | 1.0.1 | 34.00 | 241.00 | 275.00 | OK |
Version: 1.0.1
Check: dependencies in R code
Result: NOTE
Namespace in Imports field not imported from: ‘knitr’
All declared Imports should be used.
Flavors: r-devel-linux-x86_64-fedora-clang, r-devel-linux-x86_64-fedora-gcc