Last updated on 2023-02-05 22:59:24 CET.
Flavor | Version | Tinstall | Tcheck | Ttotal | Status | Flags |
---|---|---|---|---|---|---|
r-devel-linux-x86_64-debian-clang | 0.9.6 | 8.02 | 77.79 | 85.81 | OK | |
r-devel-linux-x86_64-debian-gcc | 0.9.6 | 6.40 | 56.50 | 62.90 | OK | |
r-devel-linux-x86_64-fedora-clang | 0.9.6 | 110.08 | NOTE | |||
r-devel-linux-x86_64-fedora-gcc | 0.9.6 | 112.28 | NOTE | |||
r-devel-windows-x86_64 | 0.9.6 | 22.00 | 105.00 | 127.00 | OK | |
r-patched-linux-x86_64 | 0.9.6 | 8.20 | 75.97 | 84.17 | OK | |
r-release-linux-x86_64 | 0.9.6 | 8.95 | 74.15 | 83.10 | OK | |
r-release-macos-arm64 | 0.9.6 | 39.00 | NOTE | |||
r-release-macos-x86_64 | 0.9.6 | 48.00 | NOTE | |||
r-release-windows-x86_64 | 0.9.6 | 19.00 | 123.00 | 142.00 | OK |
Version: 0.9.6
Check: dependencies in R code
Result: NOTE
Namespace in Imports field not imported from: ‘knitr’
All declared Imports should be used.
Flavors: r-devel-linux-x86_64-fedora-clang, r-devel-linux-x86_64-fedora-gcc, r-release-macos-arm64, r-release-macos-x86_64