Last updated on 2021-04-13 22:53:47 CEST.
Flavor | Version | Tinstall | Tcheck | Ttotal | Status | Flags |
---|---|---|---|---|---|---|
r-devel-linux-x86_64-debian-clang | 0.2.9 | 5.43 | 80.77 | 86.20 | OK | |
r-devel-linux-x86_64-debian-gcc | 0.2.9 | 3.43 | 60.86 | 64.29 | OK | |
r-devel-linux-x86_64-fedora-clang | 0.2.9 | 113.35 | NOTE | |||
r-devel-linux-x86_64-fedora-gcc | 0.2.9 | 99.28 | NOTE | |||
r-devel-windows-ix86+x86_64 | 0.2.9 | 11.00 | 108.00 | 119.00 | OK | |
r-devel-windows-x86_64-gcc10-UCRT | 0.2.9 | NOTE | ||||
r-patched-linux-x86_64 | 0.2.9 | 4.46 | 75.53 | 79.99 | OK | |
r-patched-solaris-x86 | 0.2.9 | 145.90 | NOTE | |||
r-release-linux-x86_64 | 0.2.9 | 3.00 | 75.41 | 78.41 | OK | |
r-release-macos-x86_64 | 0.2.9 | NOTE | ||||
r-release-windows-ix86+x86_64 | 0.2.9 | 11.00 | 104.00 | 115.00 | OK | |
r-oldrel-macos-x86_64 | 0.2.9 | NOTE | ||||
r-oldrel-windows-ix86+x86_64 | 0.2.9 | 5.00 | 91.00 | 96.00 | OK |
Version: 0.2.9
Check: dependencies in R code
Result: NOTE
Namespace in Imports field not imported from: ‘ddpcr’
All declared Imports should be used.
Flavors: r-devel-linux-x86_64-fedora-clang, r-devel-linux-x86_64-fedora-gcc, r-devel-windows-x86_64-gcc10-UCRT, r-patched-solaris-x86, r-release-macos-x86_64, r-oldrel-macos-x86_64