Last updated on 2023-06-07 22:02:46 CEST.
Flavor | Version | Tinstall | Tcheck | Ttotal | Status | Flags |
---|---|---|---|---|---|---|
r-devel-linux-x86_64-debian-clang | 0.1.2 | 5.93 | 92.27 | 98.20 | OK | |
r-devel-linux-x86_64-debian-gcc | 0.1.2 | 4.60 | 70.57 | 75.17 | OK | |
r-devel-linux-x86_64-fedora-clang | 0.1.2 | 124.60 | NOTE | |||
r-devel-linux-x86_64-fedora-gcc | 0.1.2 | 135.64 | OK | |||
r-devel-windows-x86_64 | 0.1.2 | 8.00 | 98.00 | 106.00 | OK | |
r-patched-linux-x86_64 | 0.1.2 | 10.99 | 92.32 | 103.31 | OK | |
r-release-linux-x86_64 | 0.1.2 | 4.59 | 90.60 | 95.19 | OK | |
r-release-macos-arm64 | 0.1.2 | 57.00 | OK | |||
r-release-macos-x86_64 | 0.1.2 | 78.00 | OK | |||
r-release-windows-x86_64 | 0.1.2 | 8.00 | 109.00 | 117.00 | OK | |
r-oldrel-macos-arm64 | 0.1.2 | 43.00 | OK | |||
r-oldrel-macos-x86_64 | 0.1.2 | 75.00 | OK | |||
r-oldrel-windows-x86_64 | 0.1.2 | 10.00 | 119.00 | 129.00 | OK |
Version: 0.1.2
Check: Rd cross-references
Result: NOTE
Undeclared package ‘tidyselect’ in Rd xrefs
Flavor: r-devel-linux-x86_64-fedora-clang