Last updated on 2024-04-23 22:55:26 CEST.
Flavor | Version | Tinstall | Tcheck | Ttotal | Status | Flags |
---|---|---|---|---|---|---|
r-devel-linux-x86_64-debian-clang | 1.0.1 | 1.71 | 26.82 | 28.53 | ERROR | |
r-devel-linux-x86_64-debian-gcc | 1.0.1 | 1.37 | 20.37 | 21.74 | ERROR | |
r-devel-linux-x86_64-fedora-clang | 1.0.1 | 57.29 | OK | |||
r-devel-linux-x86_64-fedora-gcc | 1.0.1 | 70.02 | OK | |||
r-prerel-macos-arm64 | 1.0.1 | 24.00 | ERROR | |||
r-prerel-windows-x86_64 | 1.0.1 | 3.00 | 55.00 | 58.00 | OK | |
r-patched-linux-x86_64 | 1.0.1 | 1.91 | 42.27 | 44.18 | OK | |
r-release-linux-x86_64 | 1.0.1 | 2.14 | 39.92 | 42.06 | OK | |
r-release-macos-arm64 | 1.0.1 | 28.00 | ERROR | |||
r-release-macos-x86_64 | 1.0.1 | 43.00 | ERROR | |||
r-release-windows-x86_64 | 1.0.1 | 4.00 | 64.00 | 68.00 | OK | |
r-oldrel-macos-arm64 | 1.0.1 | 24.00 | OK | |||
r-oldrel-windows-x86_64 | 1.0.1 | 4.00 | 62.00 | 66.00 | OK |
Version: 1.0.1
Check: package dependencies
Result: NOTE
Package suggested but not available for checking: ‘annotate’
Flavors: r-devel-linux-x86_64-debian-clang, r-devel-linux-x86_64-debian-gcc
Version: 1.0.1
Check: re-building of vignette outputs
Result: ERROR
Error(s) in re-building vignettes:
...
--- re-building ‘introduction.Rmd’ using rmarkdown
Quitting from lines at lines 22-30 [unnamed-chunk-2] (introduction.Rmd)
Error: processing vignette 'introduction.Rmd' failed with diagnostics:
there is no package called 'annotate'
--- failed re-building ‘introduction.Rmd’
SUMMARY: processing the following file failed:
‘introduction.Rmd’
Error: Vignette re-building failed.
Execution halted
Flavors: r-devel-linux-x86_64-debian-clang, r-devel-linux-x86_64-debian-gcc
Version: 1.0.1
Check: package dependencies
Result: NOTE
Package suggested but not available for checking: ‘org.Mm.eg.db’
Flavors: r-prerel-macos-arm64, r-release-macos-arm64, r-release-macos-x86_64
Version: 1.0.1
Check: re-building of vignette outputs
Result: ERROR
Error(s) in re-building vignettes:
...
--- re-building ‘introduction.Rmd’ using rmarkdown
Quitting from lines 22-30 [unnamed-chunk-2] (introduction.Rmd)
Error: processing vignette 'introduction.Rmd' failed with diagnostics:
there is no package called 'org.Mm.eg.db'
--- failed re-building ‘introduction.Rmd’
SUMMARY: processing the following file failed:
‘introduction.Rmd’
Error: Vignette re-building failed.
Execution halted
Flavor: r-prerel-macos-arm64
Version: 1.0.1
Check: re-building of vignette outputs
Result: ERROR
Error(s) in re-building vignettes:
...
--- re-building ‘introduction.Rmd’ using rmarkdown
Quitting from lines 22-30 (introduction.Rmd)
Error: processing vignette 'introduction.Rmd' failed with diagnostics:
there is no package called 'org.Mm.eg.db'
--- failed re-building ‘introduction.Rmd’
SUMMARY: processing the following file failed:
‘introduction.Rmd’
Error: Vignette re-building failed.
Execution halted
Flavor: r-release-macos-arm64
Version: 1.0.1
Check: re-building of vignette outputs
Result: ERROR
Error(s) in re-building vignettes:
...
--- re-building ‘introduction.Rmd’ using rmarkdown
Pandoc is required to build R Markdown vignettes but not available. Please make sure it is installed.
Quitting from lines 22-30 (introduction.Rmd)
Error: processing vignette 'introduction.Rmd' failed with diagnostics:
there is no package called 'org.Mm.eg.db'
--- failed re-building ‘introduction.Rmd’
SUMMARY: processing the following file failed:
‘introduction.Rmd’
Error: Vignette re-building failed.
Execution halted
Flavor: r-release-macos-x86_64