Last updated on 2024-05-03 22:53:16 CEST.
Flavor | Version | Tinstall | Tcheck | Ttotal | Status | Flags |
---|---|---|---|---|---|---|
r-devel-linux-x86_64-debian-clang | 0.1 | 41.67 | 28.17 | 69.84 | NOTE | |
r-devel-linux-x86_64-fedora-clang | 0.1 | 95.07 | NOTE | |||
r-devel-linux-x86_64-fedora-gcc | 0.1 | 93.30 | NOTE | |||
r-devel-windows-x86_64 | 0.1 | 31.00 | 60.00 | 91.00 | NOTE | |
r-patched-linux-x86_64 | 0.1 | 38.85 | 27.73 | 66.58 | NOTE | |
r-release-linux-x86_64 | 0.1 | 42.14 | 28.30 | 70.44 | NOTE | |
r-release-macos-arm64 | 0.1 | 26.00 | NOTE | |||
r-release-windows-x86_64 | 0.1 | 30.00 | 64.00 | 94.00 | NOTE | |
r-oldrel-macos-arm64 | 0.1 | 29.00 | NOTE | |||
r-oldrel-macos-x86_64 | 0.1 | 43.00 | NOTE | |||
r-oldrel-windows-x86_64 | 0.1 | 38.00 | 68.00 | 106.00 | NOTE |
Version: 0.1
Check: C++ specification
Result: NOTE
Specified C++11: please drop specification unless essential
Flavors: r-devel-linux-x86_64-debian-clang, r-devel-linux-x86_64-fedora-clang, r-devel-linux-x86_64-fedora-gcc, r-devel-windows-x86_64, r-patched-linux-x86_64, r-release-linux-x86_64, r-release-macos-arm64, r-release-windows-x86_64, r-oldrel-macos-arm64, r-oldrel-macos-x86_64, r-oldrel-windows-x86_64