CRAN Package Check Results for Package linconGaussR

Last updated on 2023-12-08 21:58:34 CET.

Flavor Version Tinstall Tcheck Ttotal Status Flags
r-devel-linux-x86_64-debian-clang 0.1 35.57 27.82 63.39 NOTE
r-devel-linux-x86_64-debian-gcc 0.1 28.20 22.23 50.43 NOTE
r-devel-linux-x86_64-fedora-clang 0.1 96.19 NOTE
r-devel-linux-x86_64-fedora-gcc 0.1 92.74 NOTE
r-devel-windows-x86_64 0.1 30.00 59.00 89.00 NOTE
r-patched-linux-x86_64 0.1 33.29 28.26 61.55 NOTE
r-release-linux-x86_64 0.1 31.85 28.07 59.92 NOTE
r-release-macos-arm64 0.1 29.00 NOTE
r-release-macos-x86_64 0.1 43.00 NOTE
r-release-windows-x86_64 0.1 38.00 66.00 104.00 NOTE
r-oldrel-macos-arm64 0.1 27.00 OK
r-oldrel-macos-x86_64 0.1 34.00 OK
r-oldrel-windows-x86_64 0.1 37.00 69.00 106.00 OK

Check Details

Version: 0.1
Check: C++ specification
Result: NOTE Specified C++11: please drop specification unless essential Flavors: r-devel-linux-x86_64-debian-clang, r-devel-linux-x86_64-debian-gcc, r-devel-linux-x86_64-fedora-clang, r-devel-linux-x86_64-fedora-gcc, r-devel-windows-x86_64, r-patched-linux-x86_64, r-release-linux-x86_64, r-release-macos-arm64, r-release-macos-x86_64, r-release-windows-x86_64