CRAN Package Check Results for Package linemap

Last updated on 2019-08-22 22:46:58 CEST.

Flavor Version Tinstall Tcheck Ttotal Status Flags
r-devel-linux-x86_64-debian-clang 0.1.0 2.69 24.35 27.04 OK
r-devel-linux-x86_64-debian-gcc 0.1.0 1.96 19.76 21.72 OK
r-devel-linux-x86_64-fedora-clang 0.1.0 34.09 NOTE
r-devel-linux-x86_64-fedora-gcc 0.1.0 31.76 NOTE
r-devel-windows-ix86+x86_64 0.1.0 7.00 55.00 62.00 OK
r-patched-linux-x86_64 0.1.0 2.04 24.20 26.24 OK
r-patched-solaris-x86 0.1.0 49.80 NOTE
r-release-linux-x86_64 0.1.0 1.93 24.25 26.18 OK
r-release-windows-ix86+x86_64 0.1.0 6.00 59.00 65.00 OK
r-release-osx-x86_64 0.1.0 NOTE
r-oldrel-windows-ix86+x86_64 0.1.0 5.00 48.00 53.00 OK
r-oldrel-osx-x86_64 0.1.0 NOTE

Check Details

Version: 0.1.0
Check: data for non-ASCII characters
Result: NOTE
     Note: found 15 marked UTF-8 strings
Flavors: r-devel-linux-x86_64-fedora-clang, r-devel-linux-x86_64-fedora-gcc, r-patched-solaris-x86, r-release-osx-x86_64, r-oldrel-osx-x86_64