CRAN Package Check Results for Package linemap

Last updated on 2019-12-10 22:49:37 CET.

Flavor Version Tinstall Tcheck Ttotal Status Flags
r-devel-linux-x86_64-debian-clang 0.1.0 2.60 25.01 27.61 OK
r-devel-linux-x86_64-debian-gcc 0.1.0 2.23 19.85 22.08 OK
r-devel-linux-x86_64-fedora-clang 0.1.0 34.72 NOTE
r-devel-linux-x86_64-fedora-gcc 0.1.0 33.92 NOTE
r-devel-windows-ix86+x86_64 0.1.0 6.00 51.00 57.00 OK
r-devel-windows-ix86+x86_64-gcc8 0.1.0 6.00 39.00 45.00 OK
r-patched-linux-x86_64 0.1.0 2.22 23.47 25.69 OK
r-patched-solaris-x86 0.1.0 50.40 NOTE
r-release-linux-x86_64 0.1.0 1.85 23.45 25.30 OK
r-release-windows-ix86+x86_64 0.1.0 5.00 36.00 41.00 OK
r-release-osx-x86_64 0.1.0 NOTE
r-oldrel-windows-ix86+x86_64 0.1.0 3.00 36.00 39.00 OK
r-oldrel-osx-x86_64 0.1.0 NOTE

Check Details

Version: 0.1.0
Check: data for non-ASCII characters
Result: NOTE
     Note: found 15 marked UTF-8 strings
Flavors: r-devel-linux-x86_64-fedora-clang, r-devel-linux-x86_64-fedora-gcc, r-patched-solaris-x86, r-release-osx-x86_64, r-oldrel-osx-x86_64