CRAN Package Check Results for Package lingtypology

Last updated on 2019-08-18 22:46:59 CEST.

Flavor Version Tinstall Tcheck Ttotal Status Flags
r-devel-linux-x86_64-debian-clang 1.0.13 7.49 77.03 84.52 OK
r-devel-linux-x86_64-debian-gcc 1.0.13 6.59 59.33 65.92 OK
r-devel-linux-x86_64-fedora-clang 1.0.13 101.67 NOTE
r-devel-linux-x86_64-fedora-gcc 1.0.13 95.49 NOTE
r-devel-windows-ix86+x86_64 1.0.13 24.00 140.00 164.00 OK
r-patched-linux-x86_64 1.0.13 7.26 72.11 79.37 OK
r-patched-solaris-x86 1.0.13 146.70 NOTE
r-release-linux-x86_64 1.0.13 8.17 72.17 80.34 OK
r-release-windows-ix86+x86_64 1.0.13 13.00 95.00 108.00 OK
r-release-osx-x86_64 1.0.13 NOTE
r-oldrel-windows-ix86+x86_64 1.0.13 19.00 112.00 131.00 OK
r-oldrel-osx-x86_64 1.0.13 NOTE

Check Details

Version: 1.0.13
Check: data for non-ASCII characters
Result: NOTE
     Note: found 120 marked UTF-8 strings
Flavors: r-devel-linux-x86_64-fedora-clang, r-devel-linux-x86_64-fedora-gcc, r-patched-solaris-x86, r-release-osx-x86_64, r-oldrel-osx-x86_64