CRAN Package Check Results for Package lingtypology

Last updated on 2019-12-10 22:49:37 CET.

Flavor Version Tinstall Tcheck Ttotal Status Flags
r-devel-linux-x86_64-debian-clang 1.0.15 7.26 77.89 85.15 OK
r-devel-linux-x86_64-debian-gcc 1.0.15 6.94 59.25 66.19 OK
r-devel-linux-x86_64-fedora-clang 1.0.15 103.69 NOTE
r-devel-linux-x86_64-fedora-gcc 1.0.15 100.04 NOTE
r-devel-windows-ix86+x86_64 1.0.15 18.00 138.00 156.00 OK
r-devel-windows-ix86+x86_64-gcc8 1.0.15 21.00 111.00 132.00 OK
r-patched-linux-x86_64 1.0.15 7.29 68.63 75.92 OK
r-patched-solaris-x86 1.0.15 133.90 NOTE
r-release-linux-x86_64 1.0.15 7.91 68.73 76.64 OK
r-release-windows-ix86+x86_64 1.0.15 15.00 98.00 113.00 OK
r-release-osx-x86_64 1.0.15 NOTE
r-oldrel-windows-ix86+x86_64 1.0.15 12.00 82.00 94.00 OK
r-oldrel-osx-x86_64 1.0.15 NOTE

Check Details

Version: 1.0.15
Check: data for non-ASCII characters
Result: NOTE
     Note: found 129 marked UTF-8 strings
Flavors: r-devel-linux-x86_64-fedora-clang, r-devel-linux-x86_64-fedora-gcc, r-patched-solaris-x86, r-release-osx-x86_64, r-oldrel-osx-x86_64