CRAN Package Check Results for Package lmPerm

Last updated on 2023-12-01 21:54:09 CET.

Flavor Version Tinstall Tcheck Ttotal Status Flags
r-devel-linux-x86_64-debian-clang 2.1.0 6.69 49.18 55.87 OK
r-devel-linux-x86_64-debian-gcc 2.1.0 5.02 37.90 42.92 OK
r-devel-linux-x86_64-fedora-clang 2.1.0 69.96 NOTE
r-devel-linux-x86_64-fedora-gcc 2.1.0 79.53 NOTE
r-devel-windows-x86_64 2.1.0 8.00 86.00 94.00 OK
r-patched-linux-x86_64 2.1.0 7.42 48.73 56.15 OK
r-release-linux-x86_64 2.1.0 5.24 48.03 53.27 OK
r-release-macos-arm64 2.1.0 35.00 OK
r-release-macos-x86_64 2.1.0 49.00 OK
r-release-windows-x86_64 2.1.0 7.00 77.00 84.00 OK
r-oldrel-macos-arm64 2.1.0 29.00 OK
r-oldrel-macos-x86_64 2.1.0 37.00 OK
r-oldrel-windows-x86_64 2.1.0 8.00 83.00 91.00 OK

Check Details

Version: 2.1.0
Check: compiled code
Result: NOTE File ‘lmPerm/libs/lmPerm.so’: Found no calls to: ‘R_registerRoutines’, ‘R_useDynamicSymbols’ It is good practice to register native routines and to disable symbol search. See ‘Writing portable packages’ in the ‘Writing R Extensions’ manual. Flavors: r-devel-linux-x86_64-fedora-clang, r-devel-linux-x86_64-fedora-gcc