CRAN Package Check Results for Package lmQCM

Last updated on 2021-04-12 22:51:06 CEST.

Flavor Version Tinstall Tcheck Ttotal Status Flags
r-devel-linux-x86_64-debian-clang 0.2.3 24.60 204.39 228.99 NOTE
r-devel-linux-x86_64-debian-gcc 0.2.3 19.41 148.62 168.03 NOTE
r-devel-linux-x86_64-fedora-clang 0.2.3 281.72 NOTE
r-devel-linux-x86_64-fedora-gcc 0.2.3 263.05 NOTE
r-devel-windows-ix86+x86_64 0.2.3 53.00 196.00 249.00 NOTE
r-devel-windows-x86_64-gcc10-UCRT 0.2.3 NOTE
r-patched-linux-x86_64 0.2.3 15.46 156.30 171.76 OK
r-patched-solaris-x86 0.2.3 332.90 OK
r-release-linux-x86_64 0.2.3 13.91 157.22 171.13 OK
r-release-macos-x86_64 0.2.3 OK
r-release-windows-ix86+x86_64 0.2.3 33.00 150.00 183.00 OK
r-oldrel-macos-x86_64 0.2.3 OK
r-oldrel-windows-ix86+x86_64 0.2.3 3.00 6.00 9.00 ERROR

Check Details

Version: 0.2.3
Check: LazyData
Result: NOTE
     'LazyData' is specified without a 'data' directory
Flavors: r-devel-linux-x86_64-debian-clang, r-devel-linux-x86_64-debian-gcc, r-devel-linux-x86_64-fedora-clang, r-devel-linux-x86_64-fedora-gcc, r-devel-windows-ix86+x86_64, r-devel-windows-x86_64-gcc10-UCRT

Version: 0.2.3
Check: whether package can be installed
Result: ERROR
    Installation failed.
Flavor: r-oldrel-windows-ix86+x86_64