CRAN Package Check Results for Package lme4

Last updated on 2018-09-23 22:47:01 CEST.

Flavor Version Tinstall Tcheck Ttotal Status Flags
r-devel-linux-x86_64-debian-clang 1.1-18-1 99.39 763.14 862.53 OK
r-devel-linux-x86_64-debian-gcc 1.1-18-1 83.64 590.68 674.32 OK
r-devel-linux-x86_64-fedora-clang 1.1-18-1 1066.88 NOTE
r-devel-linux-x86_64-fedora-gcc 1.1-18-1 1041.39 OK
r-devel-windows-ix86+x86_64 1.1-18-1 219.00 0.00 219.00 FAIL
r-patched-linux-x86_64 1.1-18-1 102.69 707.05 809.74 OK
r-patched-solaris-x86 1.1-18-1 1276.40 NOTE
r-release-linux-x86_64 1.1-18-1 111.32 706.73 818.05 OK
r-release-windows-ix86+x86_64 1.1-18-1 162.00 1356.00 1518.00 NOTE
r-release-osx-x86_64 1.1-18-1 NOTE
r-oldrel-windows-ix86+x86_64 1.1-18-1 147.00 0.00 147.00 NOTE
r-oldrel-osx-x86_64 1.1-18-1 NOTE

Additional issues

rchk

Check Details

Version: 1.1-18-1
Check: installed package size
Result: NOTE
     installed size is 28.7Mb
     sub-directories of 1Mb or more:
     R 1.4Mb
     doc 2.4Mb
     libs 22.3Mb
     testdata 1.6Mb
Flavors: r-devel-linux-x86_64-fedora-clang, r-devel-windows-ix86+x86_64, r-patched-solaris-x86, r-release-windows-ix86+x86_64, r-release-osx-x86_64, r-oldrel-windows-ix86+x86_64, r-oldrel-osx-x86_64

Version: 1.1-18-1
Check: re-building of vignette outputs
Result: FAIL
    Check process probably crashed or hung up for 20 minutes ... killed
    Most likely this happened in the example checks (?),
    if not, ignore the following last lines of example output:
    
    ======== End of example output (where/before crash/hang up occured ?) ========
Flavor: r-devel-windows-ix86+x86_64