CRAN Package Check Results for Package lme4

Last updated on 2018-06-19 22:54:00 CEST.

Flavor Version Tinstall Tcheck Ttotal Status Flags
r-devel-linux-x86_64-debian-clang 1.1-17 90.39 791.97 882.36 OK
r-devel-linux-x86_64-debian-gcc 1.1-17 78.66 607.80 686.46 OK
r-devel-linux-x86_64-fedora-clang 1.1-17 1112.25 NOTE
r-devel-linux-x86_64-fedora-gcc 1.1-17 1067.32 OK
r-devel-windows-ix86+x86_64 1.1-17 216.00 0.00 216.00 NOTE
r-patched-linux-x86_64 1.1-17 94.32 727.70 822.02 OK
r-patched-solaris-x86 1.1-17 1293.40 NOTE
r-release-linux-x86_64 1.1-17 89.67 720.97 810.64 OK
r-release-windows-ix86+x86_64 1.1-17 155.00 0.00 155.00 NOTE
r-release-osx-x86_64 1.1-17 NOTE
r-oldrel-windows-ix86+x86_64 1.1-17 152.00 0.00 152.00 NOTE
r-oldrel-osx-x86_64 1.1-17 NOTE

Check Details

Version: 1.1-17
Check: installed package size
Result: NOTE
     installed size is 28.3Mb
     sub-directories of 1Mb or more:
     R 1.3Mb
     doc 2.4Mb
     libs 21.9Mb
     testdata 1.6Mb
Flavors: r-devel-linux-x86_64-fedora-clang, r-devel-windows-ix86+x86_64, r-patched-solaris-x86, r-release-windows-ix86+x86_64, r-release-osx-x86_64, r-oldrel-windows-ix86+x86_64, r-oldrel-osx-x86_64