Last updated on 2024-04-18 22:52:46 CEST.
Flavor | Version | Tinstall | Tcheck | Ttotal | Status | Flags |
---|---|---|---|---|---|---|
r-devel-linux-x86_64-debian-clang | 1.2.2 | 4.71 | 39.94 | 44.65 | NOTE | |
r-devel-linux-x86_64-debian-gcc | 1.2.2 | 3.08 | 29.67 | 32.75 | NOTE | |
r-devel-linux-x86_64-fedora-clang | 1.2.2 | 54.72 | NOTE | |||
r-devel-linux-x86_64-fedora-gcc | 1.2.2 | 51.50 | NOTE | |||
r-prerel-macos-arm64 | 1.2.2 | 18.00 | NOTE | |||
r-prerel-windows-x86_64 | 1.2.2 | 4.00 | 51.00 | 55.00 | NOTE | |
r-patched-linux-x86_64 | 1.2.2 | 5.25 | 39.15 | 44.40 | NOTE | |
r-release-linux-x86_64 | 1.2.2 | 3.37 | 38.11 | 41.48 | OK | |
r-release-macos-arm64 | 1.2.2 | 22.00 | OK | |||
r-release-macos-x86_64 | 1.2.2 | 28.00 | OK | |||
r-release-windows-x86_64 | 1.2.2 | 5.00 | 58.00 | 63.00 | OK | |
r-oldrel-macos-arm64 | 1.2.2 | 21.00 | OK | |||
r-oldrel-windows-x86_64 | 1.2.2 | 24.00 | 72.00 | 96.00 | OK |
Version: 1.2.2
Check: Rd files
Result: NOTE
checkRd: (-1) vcov.Rd:20: Lost braces
20 | A list of matrix of estimated covariances in the linear ridge regression model for scalar or vector biasing parameter \code{K}{K} is produced. Each list element has row and column names corresponding to the parameter names given by the \code{coef(mod)}. List items are named correspond to values of biasing parameter \eqn{K}{K}.}
| ^
Flavors: r-devel-linux-x86_64-debian-clang, r-devel-linux-x86_64-debian-gcc, r-devel-linux-x86_64-fedora-clang, r-devel-linux-x86_64-fedora-gcc, r-prerel-macos-arm64, r-prerel-windows-x86_64, r-patched-linux-x86_64