Last updated on 2023-12-09 21:54:20 CET.
Flavor | Version | Tinstall | Tcheck | Ttotal | Status | Flags |
---|---|---|---|---|---|---|
r-devel-linux-x86_64-debian-clang | 0.3.1 | 3.04 | 52.01 | 55.05 | NOTE | |
r-devel-linux-x86_64-debian-gcc | 0.3.1 | 2.97 | 38.25 | 41.22 | NOTE | |
r-devel-linux-x86_64-fedora-clang | 0.3.1 | 67.89 | OK | |||
r-devel-linux-x86_64-fedora-gcc | 0.3.1 | 61.31 | OK | |||
r-devel-windows-x86_64 | 0.3.1 | 5.00 | 59.00 | 64.00 | OK | |
r-patched-linux-x86_64 | 0.3.1 | 3.47 | 47.04 | 50.51 | OK | |
r-release-linux-x86_64 | 0.3.1 | 3.52 | 46.78 | 50.30 | OK | |
r-release-macos-arm64 | 0.3.1 | 31.00 | OK | |||
r-release-macos-x86_64 | 0.3.1 | 45.00 | OK | |||
r-release-windows-x86_64 | 0.3.1 | 5.00 | 64.00 | 69.00 | OK | |
r-oldrel-macos-arm64 | 0.3.1 | 27.00 | OK | |||
r-oldrel-macos-x86_64 | 0.3.1 | 42.00 | OK | |||
r-oldrel-windows-x86_64 | 0.3.1 | 5.00 | 71.00 | 76.00 | OK |
Version: 0.3.1
Check: Rd files
Result: NOTE
checkRd: (-1) mte_tilde_at.Rd:23: Lost braces in \itemize; \value handles \item{}{} directly
checkRd: (-1) mte_tilde_at.Rd:24: Lost braces in \itemize; \value handles \item{}{} directly
checkRd: (-1) mte_tilde_at.Rd:25: Lost braces in \itemize; \value handles \item{}{} directly
checkRd: (-1) mte_tilde_at.Rd:26: Lost braces in \itemize; \value handles \item{}{} directly
checkRd: (-1) mte_tilde_at.Rd:27: Lost braces in \itemize; \value handles \item{}{} directly
Flavors: r-devel-linux-x86_64-debian-clang, r-devel-linux-x86_64-debian-gcc