Last updated on 2023-12-09 21:54:20 CET.
Flavor | Version | Tinstall | Tcheck | Ttotal | Status | Flags |
---|---|---|---|---|---|---|
r-devel-linux-x86_64-debian-clang | 1.0.11 | 97.86 | 154.38 | 252.24 | OK | |
r-devel-linux-x86_64-debian-gcc | 1.0.11 | 77.44 | 114.43 | 191.87 | OK | |
r-devel-linux-x86_64-fedora-clang | 1.0.11 | 304.39 | OK | |||
r-devel-linux-x86_64-fedora-gcc | 1.0.11 | 353.78 | OK | |||
r-devel-windows-x86_64 | 1.0.11 | 68.00 | 157.00 | 225.00 | OK | |
r-patched-linux-x86_64 | 1.0.11 | 88.62 | 161.10 | 249.72 | OK | |
r-release-linux-x86_64 | 1.0.11 | 92.85 | 156.08 | 248.93 | OK | |
r-release-macos-arm64 | 1.0.11 | 112.00 | NOTE | |||
r-release-macos-x86_64 | 1.0.11 | 296.00 | NOTE | |||
r-release-windows-x86_64 | 1.0.11 | 64.00 | 188.00 | 252.00 | OK | |
r-oldrel-macos-arm64 | 1.0.11 | 103.00 | NOTE | |||
r-oldrel-macos-x86_64 | 1.0.8 | 111.00 | NOTE | |||
r-oldrel-windows-x86_64 | 1.0.11 | 84.00 | 182.00 | 266.00 | OK |
Version: 1.0.11
Check: installed package size
Result: NOTE
installed size is 34.7Mb
sub-directories of 1Mb or more:
doc 1.7Mb
libs 32.7Mb
Flavors: r-release-macos-arm64, r-release-macos-x86_64, r-oldrel-macos-arm64
Version: 1.0.8
Check: installed package size
Result: NOTE
installed size is 20.4Mb
sub-directories of 1Mb or more:
libs 19.7Mb
Flavor: r-oldrel-macos-x86_64