CRAN Package Check Results for Package loder

Last updated on 2021-04-12 22:51:06 CEST.

Flavor Version Tinstall Tcheck Ttotal Status Flags
r-devel-linux-x86_64-debian-clang 0.2.0 9.22 22.07 31.29 NOTE
r-devel-linux-x86_64-debian-gcc 0.2.0 5.00 17.19 22.19 NOTE
r-devel-linux-x86_64-fedora-clang 0.2.0 49.86 NOTE
r-devel-linux-x86_64-fedora-gcc 0.2.0 34.63 NOTE
r-devel-windows-ix86+x86_64 0.2.0 17.00 38.00 55.00 NOTE
r-devel-windows-x86_64-gcc10-UCRT 0.2.0 NOTE
r-patched-linux-x86_64 0.2.0 5.33 21.16 26.49 OK
r-patched-solaris-x86 0.2.0 55.80 OK
r-release-linux-x86_64 0.2.0 5.94 21.25 27.19 OK
r-release-macos-x86_64 0.2.0 OK
r-release-windows-ix86+x86_64 0.2.0 14.00 36.00 50.00 OK
r-oldrel-macos-x86_64 0.2.0 OK
r-oldrel-windows-ix86+x86_64 0.2.0 15.00 35.00 50.00 OK

Check Details

Version: 0.2.0
Check: LazyData
Result: NOTE
     'LazyData' is specified without a 'data' directory
Flavors: r-devel-linux-x86_64-debian-clang, r-devel-linux-x86_64-debian-gcc, r-devel-linux-x86_64-fedora-clang, r-devel-linux-x86_64-fedora-gcc, r-devel-windows-ix86+x86_64, r-devel-windows-x86_64-gcc10-UCRT