Last updated on 2023-12-03 22:57:11 CET.
Flavor | Version | Tinstall | Tcheck | Ttotal | Status | Flags |
---|---|---|---|---|---|---|
r-devel-linux-x86_64-debian-clang | 1.0 | 44.04 | 119.42 | 163.46 | NOTE | |
r-devel-linux-x86_64-debian-gcc | 1.0 | 28.13 | 64.17 | 92.30 | NOTE | |
r-devel-linux-x86_64-fedora-clang | 1.0 | 219.54 | NOTE | |||
r-devel-linux-x86_64-fedora-gcc | 1.0 | 163.60 | NOTE | |||
r-devel-windows-x86_64 | 1.0 | 31.00 | 90.00 | 121.00 | NOTE | |
r-patched-linux-x86_64 | 1.0 | 31.08 | 80.98 | 112.06 | NOTE | |
r-release-linux-x86_64 | 1.0 | 29.43 | 81.99 | 111.42 | NOTE | |
r-release-macos-arm64 | 1.0 | 48.00 | NOTE | |||
r-release-macos-x86_64 | 1.0 | 75.00 | NOTE | |||
r-release-windows-x86_64 | 1.0 | 39.00 | 109.00 | 148.00 | NOTE | |
r-oldrel-macos-arm64 | 1.0 | 42.00 | OK | |||
r-oldrel-macos-x86_64 | 1.0 | 53.00 | OK | |||
r-oldrel-windows-x86_64 | 1.0 | 37.00 | 110.00 | 147.00 | OK |
Version: 1.0
Check: C++ specification
Result: NOTE
Specified C++11: please drop specification unless essential
Flavors: r-devel-linux-x86_64-debian-clang, r-devel-linux-x86_64-debian-gcc, r-devel-linux-x86_64-fedora-clang, r-devel-linux-x86_64-fedora-gcc, r-devel-windows-x86_64, r-patched-linux-x86_64, r-release-linux-x86_64, r-release-macos-arm64, r-release-macos-x86_64, r-release-windows-x86_64